CRAN Package Check Results for Package CausalMBSTS

Last updated on 2021-10-24 04:50:18 CEST.

Flavor Version Tinstall Tcheck Ttotal Status Flags
r-devel-linux-x86_64-debian-clang 0.1.1 12.03 146.90 158.93 OK
r-devel-linux-x86_64-debian-gcc 0.1.1 10.10 107.91 118.01 OK
r-devel-linux-x86_64-fedora-clang 0.1.1 194.01 OK
r-devel-linux-x86_64-fedora-gcc 0.1.1 180.90 OK
r-devel-windows-x86_64 0.1.1 19.00 183.00 202.00 OK
r-devel-windows-x86_64-gcc10-UCRT 0.1.1 OK
r-patched-linux-x86_64 0.1.1 12.40 135.12 147.52 OK
r-patched-solaris-x86 0.1.1 242.20 OK
r-release-linux-x86_64 0.1.1 11.85 135.36 147.21 OK
r-release-macos-arm64 0.1.0 ERROR
r-release-macos-x86_64 0.1.1 OK
r-release-windows-ix86+x86_64 0.1.1 22.00 145.00 167.00 OK
r-oldrel-macos-x86_64 0.1.1 OK
r-oldrel-windows-ix86+x86_64 0.1.1 20.00 130.00 150.00 OK

Check Details

Version: 0.1.0
Check: LazyData
Result: NOTE
     'LazyData' is specified without a 'data' directory
Flavor: r-release-macos-arm64

Version: 0.1.0
Check: tests
Result: ERROR
     Running ‘testthat.R’ [2s/2s]
    Running the tests in ‘tests/testthat.R’ failed.
    Last 13 lines of output:
     `causal.1` not equal to `causal.3`.
     Component "predict": Component "post.pred.1": Mean relative difference: 0.07919565
     Component "predict": Component "post.pred": Mean relative difference: 0.04034924
     Component "general": Mean relative difference: 0.1440068
     Component "general.effect": Component 1: Mean relative difference: 0.0936613
     Component "general.effect": Component 2: Mean relative difference: 0.0936613
     Component "mean.general": Component 1: Mean relative difference: 0.07049089
     Component "mean.general": Component 2: Mean relative difference: 0.07049089
     Component "lower.general": Component 1: Mean relative difference: 0.05760284
     Component "lower.general": Component 2: Mean relative difference: 0.05760284
     ...
    
     [ FAIL 2 | WARN 0 | SKIP 0 | PASS 4 ]
     Error: Test failures
     Execution halted
Flavor: r-release-macos-arm64