CRAN Package Check Results for Package CausalKinetiX

Last updated on 2021-10-21 04:58:25 CEST.

Flavor Version Tinstall Tcheck Ttotal Status Flags
r-devel-linux-x86_64-debian-clang 0.2.1 9.58 100.32 109.90 NOTE
r-devel-linux-x86_64-debian-gcc 0.2.1 10.92 78.62 89.54 NOTE
r-devel-linux-x86_64-fedora-clang 0.2.1 147.13 NOTE
r-devel-linux-x86_64-fedora-gcc 0.2.1 136.08 NOTE
r-devel-windows-x86_64 0.2.1 18.00 127.00 145.00 NOTE
r-devel-windows-x86_64-gcc10-UCRT 0.2.1 NOTE
r-patched-linux-x86_64 0.2.1 10.31 99.56 109.87 NOTE
r-patched-solaris-x86 0.2.1 199.00 NOTE
r-release-linux-x86_64 0.2.1 10.06 98.77 108.83 NOTE
r-release-macos-arm64 0.2.1 NOTE
r-release-macos-x86_64 0.2.1 NOTE
r-release-windows-ix86+x86_64 0.2.1 26.00 124.00 150.00 NOTE
r-oldrel-macos-x86_64 0.2.1 OK
r-oldrel-windows-ix86+x86_64 0.2.1 26.00 126.00 152.00 OK

Check Details

Version: 0.2.1
Check: LazyData
Result: NOTE
     'LazyData' is specified without a 'data' directory
Flavors: r-devel-linux-x86_64-debian-clang, r-devel-linux-x86_64-debian-gcc, r-devel-linux-x86_64-fedora-clang, r-devel-linux-x86_64-fedora-gcc, r-devel-windows-x86_64, r-devel-windows-x86_64-gcc10-UCRT, r-patched-linux-x86_64, r-patched-solaris-x86, r-release-linux-x86_64, r-release-macos-arm64, r-release-macos-x86_64, r-release-windows-ix86+x86_64