CRAN Package Check Results for Package CamelUp

Last updated on 2022-08-11 09:53:13 CEST.

Flavor Version Tinstall Tcheck Ttotal Status Flags
r-devel-linux-x86_64-debian-clang 2.0.3 109.57 90.25 199.82 NOTE
r-devel-linux-x86_64-debian-gcc 2.0.3 102.16 67.78 169.94 NOTE
r-devel-linux-x86_64-fedora-clang 2.0.3 305.92 NOTE
r-devel-linux-x86_64-fedora-gcc 2.0.3 280.17 NOTE
r-devel-windows-x86_64 2.0.3 96.00 134.00 230.00 NOTE
r-patched-linux-x86_64 2.0.3 102.72 87.04 189.76 NOTE
r-release-linux-x86_64 2.0.3 NOTE
r-release-macos-arm64 2.0.3 70.00 NOTE
r-release-macos-x86_64 2.0.3 118.00 NOTE
r-release-windows-x86_64 2.0.3 89.00 141.00 230.00 NOTE
r-oldrel-macos-arm64 2.0.3 76.00 NOTE
r-oldrel-macos-x86_64 2.0.3 114.00 NOTE
r-oldrel-windows-ix86+x86_64 2.0.3 262.00 161.00 423.00 NOTE

Check Details

Version: 2.0.3
Check: LazyData
Result: NOTE
     'LazyData' is specified without a 'data' directory
Flavors: r-devel-linux-x86_64-debian-clang, r-devel-linux-x86_64-debian-gcc, r-devel-linux-x86_64-fedora-clang, r-devel-linux-x86_64-fedora-gcc, r-devel-windows-x86_64, r-patched-linux-x86_64, r-release-linux-x86_64, r-release-macos-arm64, r-release-macos-x86_64, r-release-windows-x86_64, r-oldrel-macos-arm64, r-oldrel-macos-x86_64, r-oldrel-windows-ix86+x86_64

Version: 2.0.3
Check: installed package size
Result: NOTE
     installed size is 7.9Mb
     sub-directories of 1Mb or more:
     libs 7.6Mb
Flavors: r-devel-linux-x86_64-fedora-clang, r-release-macos-arm64, r-release-macos-x86_64, r-oldrel-macos-arm64, r-oldrel-macos-x86_64