CRAN Package Check Results for Package CVglasso

Last updated on 2022-01-25 12:55:30 CET.

Flavor Version Tinstall Tcheck Ttotal Status Flags
r-devel-linux-x86_64-debian-clang 1.0 5.26 59.88 65.14 NOTE
r-devel-linux-x86_64-debian-gcc 1.0 4.93 52.55 57.48 NOTE
r-devel-linux-x86_64-fedora-clang 1.0 83.88 NOTE
r-devel-linux-x86_64-fedora-gcc 1.0 71.70 NOTE
r-devel-windows-x86_64-new-UL 1.0 18.00 86.00 104.00 NOTE
r-devel-windows-x86_64-new-TK 1.0 NOTE
r-patched-linux-x86_64 1.0 4.19 55.15 59.34 NOTE
r-release-linux-x86_64 1.0 4.69 55.42 60.11 NOTE
r-release-macos-arm64 1.0 NOTE
r-release-macos-x86_64 1.0 NOTE
r-release-windows-ix86+x86_64 1.0 14.00 75.00 89.00 NOTE
r-oldrel-macos-x86_64 1.0 OK
r-oldrel-windows-ix86+x86_64 1.0 14.00 79.00 93.00 OK

Check Details

Version: 1.0
Check: LazyData
Result: NOTE
     'LazyData' is specified without a 'data' directory
Flavors: r-devel-linux-x86_64-debian-clang, r-devel-linux-x86_64-debian-gcc, r-devel-linux-x86_64-fedora-clang, r-devel-linux-x86_64-fedora-gcc, r-devel-windows-x86_64-new-UL, r-devel-windows-x86_64-new-TK, r-patched-linux-x86_64, r-release-linux-x86_64, r-release-macos-arm64, r-release-macos-x86_64, r-release-windows-ix86+x86_64