CRAN Package Check Results for Package CVcalibration

Last updated on 2021-12-07 23:54:26 CET.

Flavor Version Tinstall Tcheck Ttotal Status Flags
r-devel-linux-x86_64-debian-clang 1.0-1 2.29 20.11 22.40 NOTE
r-devel-linux-x86_64-debian-gcc 1.0-1 1.95 22.67 24.62 NOTE
r-devel-linux-x86_64-fedora-clang 1.0-1 39.33 NOTE
r-devel-linux-x86_64-fedora-gcc 1.0-1 27.96 NOTE
r-devel-windows-x86_64-new-UL 1.0-1 6.00 49.00 55.00 NOTE
r-devel-windows-x86_64-new-TK 1.0-1 NOTE
r-devel-windows-x86_64-old 1.0-1 4.00 35.00 39.00 NOTE
r-patched-linux-x86_64 1.0-1 2.07 27.94 30.01 NOTE
r-release-linux-x86_64 1.0-1 2.21 27.14 29.35 NOTE
r-release-macos-arm64 1.0-1 NOTE
r-release-macos-x86_64 1.0-1 NOTE
r-release-windows-ix86+x86_64 1.0-1 5.00 32.00 37.00 NOTE
r-oldrel-macos-x86_64 1.0-1 NOTE
r-oldrel-windows-ix86+x86_64 1.0-1 4.00 32.00 36.00 NOTE

Check Details

Version: 1.0-1
Check: DESCRIPTION meta-information
Result: NOTE
    Malformed Description field: should contain one or more complete sentences.
Flavors: r-devel-linux-x86_64-debian-clang, r-devel-linux-x86_64-debian-gcc, r-devel-linux-x86_64-fedora-clang, r-devel-linux-x86_64-fedora-gcc, r-devel-windows-x86_64-new-UL, r-devel-windows-x86_64-new-TK, r-devel-windows-x86_64-old, r-patched-linux-x86_64, r-release-linux-x86_64, r-release-macos-arm64, r-release-macos-x86_64, r-release-windows-ix86+x86_64, r-oldrel-macos-x86_64, r-oldrel-windows-ix86+x86_64

Version: 1.0-1
Check: R code for possible problems
Result: NOTE
    calfun: no visible global function definition for 'optim'
    calfun: no visible global function definition for 'cov'
    calfun: no visible global function definition for 'var'
    Undefined global functions or variables:
     cov optim var
    Consider adding
     importFrom("stats", "cov", "optim", "var")
    to your NAMESPACE file.
Flavors: r-devel-linux-x86_64-debian-clang, r-devel-linux-x86_64-debian-gcc, r-devel-linux-x86_64-fedora-clang, r-devel-linux-x86_64-fedora-gcc, r-devel-windows-x86_64-new-UL, r-devel-windows-x86_64-new-TK, r-devel-windows-x86_64-old, r-patched-linux-x86_64, r-release-linux-x86_64, r-release-macos-arm64, r-release-macos-x86_64, r-release-windows-ix86+x86_64, r-oldrel-macos-x86_64, r-oldrel-windows-ix86+x86_64