CRAN Package Check Results for Package CVEK

Last updated on 2021-10-18 04:54:16 CEST.

Flavor Version Tinstall Tcheck Ttotal Status Flags
r-devel-linux-x86_64-debian-clang 0.1-2 3.02 439.68 442.70 NOTE
r-devel-linux-x86_64-debian-gcc 0.1-2 2.88 331.63 334.51 NOTE
r-devel-linux-x86_64-fedora-clang 0.1-2 533.30 NOTE
r-devel-linux-x86_64-fedora-gcc 0.1-2 527.22 NOTE
r-devel-windows-x86_64 0.1-2 6.00 512.00 518.00 NOTE
r-devel-windows-x86_64-gcc10-UCRT 0.1-2 NOTE
r-patched-linux-x86_64 0.1-2 4.15 425.31 429.46 NOTE
r-patched-solaris-x86 0.1-2 1372.50 NOTE
r-release-linux-x86_64 0.1-2 2.99 436.96 439.95 NOTE
r-release-macos-arm64 0.1-2 NOTE
r-release-macos-x86_64 0.1-2 NOTE
r-release-windows-ix86+x86_64 0.1-2 6.00 506.00 512.00 NOTE
r-oldrel-macos-x86_64 0.1-2 OK
r-oldrel-windows-ix86+x86_64 0.1-2 8.00 519.00 527.00 OK

Check Details

Version: 0.1-2
Check: LazyData
Result: NOTE
     'LazyData' is specified without a 'data' directory
Flavors: r-devel-linux-x86_64-debian-clang, r-devel-linux-x86_64-debian-gcc, r-devel-linux-x86_64-fedora-clang, r-devel-linux-x86_64-fedora-gcc, r-devel-windows-x86_64, r-devel-windows-x86_64-gcc10-UCRT, r-patched-linux-x86_64, r-patched-solaris-x86, r-release-linux-x86_64, r-release-macos-arm64, r-release-macos-x86_64, r-release-windows-ix86+x86_64