CRAN Package Check Results for Package CSclone

Last updated on 2021-09-20 16:50:24 CEST.

Flavor Version Tinstall Tcheck Ttotal Status Flags
r-devel-linux-x86_64-debian-clang 1.0 2.96 32.14 35.10 OK
r-devel-linux-x86_64-debian-gcc 1.0 2.37 24.47 26.84 OK
r-devel-linux-x86_64-fedora-clang 1.0 50.56 OK
r-devel-linux-x86_64-fedora-gcc 1.0 40.76 OK
r-devel-windows-x86_64 1.0 5.00 36.00 41.00 OK
r-devel-windows-x86_64-gcc10-UCRT 1.0 ERROR
r-patched-linux-x86_64 1.0 2.43 30.92 33.35 OK
r-patched-solaris-x86 1.0 57.10 OK
r-release-linux-x86_64 1.0 2.84 31.10 33.94 OK
r-release-macos-arm64 1.0 OK
r-release-macos-x86_64 1.0 OK
r-release-windows-ix86+x86_64 1.0 9.00 46.00 55.00 OK
r-oldrel-macos-x86_64 1.0 OK
r-oldrel-windows-ix86+x86_64 1.0 6.00 47.00 53.00 OK

Check Details

Version: 1.0
Check: whether package can be installed
Result: WARN
    Found the following significant warnings:
     WARNING: installation-time patches will not be applied, could not get the patches index
Flavor: r-devel-windows-x86_64-gcc10-UCRT

Version: 1.0
Check: PDF version of manual
Result: WARN
    LaTeX errors when creating PDF version.
    This typically indicates Rd problems.
Flavor: r-devel-windows-x86_64-gcc10-UCRT

Version: 1.0
Check: PDF version of manual without hyperrefs or index
Result: ERROR
    Re-running with no redirection of stdout/stderr.
Flavor: r-devel-windows-x86_64-gcc10-UCRT