Last updated on 2023-03-23 04:53:15 CET.
Flavor | Version | Tinstall | Tcheck | Ttotal | Status | Flags |
---|---|---|---|---|---|---|
r-devel-linux-x86_64-debian-clang | 0.2.3 | 17.72 | 421.96 | 439.68 | OK | |
r-devel-linux-x86_64-debian-gcc | 0.2.3 | 13.21 | 301.91 | 315.12 | OK | |
r-devel-linux-x86_64-fedora-clang | 0.2.3 | 214.72 | NOTE | |||
r-devel-linux-x86_64-fedora-gcc | 0.2.3 | 199.94 | NOTE | |||
r-devel-windows-x86_64 | 0.2.3 | 28.00 | 422.00 | 450.00 | OK | |
r-patched-linux-x86_64 | 0.2.3 | 16.17 | 377.66 | 393.83 | OK | |
r-release-linux-x86_64 | 0.2.3 | 15.41 | 384.87 | 400.28 | OK | |
r-release-macos-arm64 | 0.2.3 | 157.00 | OK | |||
r-release-macos-x86_64 | 0.2.3 | 193.00 | OK | |||
r-release-windows-x86_64 | 0.2.3 | 33.00 | 417.00 | 450.00 | OK | |
r-oldrel-macos-arm64 | 0.2.3 | 168.00 | OK | |||
r-oldrel-macos-x86_64 | 0.2.3 | 198.00 | OK | |||
r-oldrel-windows-ix86+x86_64 | 0.2.3 | 36.00 | 453.00 | 489.00 | OK |
Version: 0.2.3
Check: package dependencies
Result: NOTE
Packages suggested but not available for checking: 'conos', 'pagoda2'
Flavors: r-devel-linux-x86_64-fedora-clang, r-devel-linux-x86_64-fedora-gcc