CRAN Package Check Results for Package CPGLIB

Last updated on 2022-01-25 12:55:30 CET.

Flavor Version Tinstall Tcheck Ttotal Status Flags
r-devel-linux-x86_64-debian-clang 1.0.1 137.29 46.06 183.35 OK
r-devel-linux-x86_64-debian-gcc 1.0.1 104.65 40.17 144.82 OK
r-devel-linux-x86_64-fedora-clang 1.0.1 298.81 NOTE
r-devel-linux-x86_64-fedora-gcc 1.0.1 259.84 OK
r-devel-windows-x86_64-new-UL 1.0.1 137.00 88.00 225.00 OK
r-devel-windows-x86_64-new-TK 1.0.1 OK
r-patched-linux-x86_64 1.0.1 122.28 44.05 166.33 OK
r-release-linux-x86_64 1.0.1 120.96 44.00 164.96 OK
r-release-macos-arm64 1.0.1 NOTE
r-release-macos-x86_64 1.0.1 NOTE
r-release-windows-ix86+x86_64 1.0.1 333.00 84.00 417.00 OK
r-oldrel-macos-x86_64 1.0.1 NOTE
r-oldrel-windows-ix86+x86_64 1.0.1 335.00 84.00 419.00 OK

Check Details

Version: 1.0.1
Check: installed package size
Result: NOTE
     installed size is 6.0Mb
     sub-directories of 1Mb or more:
     libs 5.8Mb
Flavors: r-devel-linux-x86_64-fedora-clang, r-release-macos-arm64, r-release-macos-x86_64, r-oldrel-macos-x86_64