CRAN Package Check Results for Package CPAT

Last updated on 2021-09-26 16:49:09 CEST.

Flavor Version Tinstall Tcheck Ttotal Status Flags
r-devel-linux-x86_64-debian-clang 0.1.0 44.48 91.83 136.31 OK
r-devel-linux-x86_64-debian-gcc 0.1.0 24.91 56.02 80.93 OK
r-devel-linux-x86_64-fedora-clang 0.1.0 175.36 NOTE
r-devel-linux-x86_64-fedora-gcc 0.1.0 138.23 NOTE
r-devel-windows-x86_64 0.1.0 39.00 94.00 133.00 OK
r-devel-windows-x86_64-gcc10-UCRT 0.1.0 NOTE
r-patched-linux-x86_64 0.1.0 34.55 73.67 108.22 OK
r-patched-solaris-x86 0.1.0 194.60 NOTE
r-release-linux-x86_64 0.1.0 29.57 74.03 103.60 OK
r-release-macos-arm64 0.1.0 NOTE
r-release-macos-x86_64 0.1.0 NOTE
r-release-windows-ix86+x86_64 0.1.0 93.00 190.00 283.00 OK
r-oldrel-macos-x86_64 0.1.0 NOTE
r-oldrel-windows-ix86+x86_64 0.1.0 60.00 153.00 213.00 OK

Check Details

Version: 0.1.0
Check: dependencies in R code
Result: NOTE
    Namespaces in Imports field not imported from:
     ‘Rdpack’ ‘grDevices’
     All declared Imports should be used.
Flavors: r-devel-linux-x86_64-fedora-clang, r-devel-linux-x86_64-fedora-gcc, r-devel-windows-x86_64-gcc10-UCRT, r-patched-solaris-x86, r-release-macos-arm64, r-release-macos-x86_64, r-oldrel-macos-x86_64