CRAN Package Check Results for Package CPAT

Last updated on 2022-08-11 09:53:14 CEST.

Flavor Version Tinstall Tcheck Ttotal Status Flags
r-devel-linux-x86_64-debian-clang 0.1.0 39.06 94.10 133.16 OK
r-devel-linux-x86_64-debian-gcc 0.1.0 29.14 59.97 89.11 OK
r-devel-linux-x86_64-fedora-clang 0.1.0 185.55 NOTE
r-devel-linux-x86_64-fedora-gcc 0.1.0 160.76 NOTE
r-devel-windows-x86_64 0.1.0 46.00 135.00 181.00 OK
r-patched-linux-x86_64 0.1.0 34.24 74.27 108.51 OK
r-release-linux-x86_64 0.1.0 OK
r-release-macos-arm64 0.1.0 49.00 NOTE
r-release-macos-x86_64 0.1.0 79.00 NOTE
r-release-windows-x86_64 0.1.0 46.00 140.00 186.00 OK
r-oldrel-macos-arm64 0.1.0 55.00 NOTE
r-oldrel-macos-x86_64 0.1.0 113.00 NOTE
r-oldrel-windows-ix86+x86_64 0.1.0 95.00 195.00 290.00 OK

Check Details

Version: 0.1.0
Check: dependencies in R code
Result: NOTE
    Namespaces in Imports field not imported from:
     ‘Rdpack’ ‘grDevices’
     All declared Imports should be used.
Flavors: r-devel-linux-x86_64-fedora-clang, r-devel-linux-x86_64-fedora-gcc, r-release-macos-arm64, r-release-macos-x86_64, r-oldrel-macos-arm64, r-oldrel-macos-x86_64