CRAN Package Check Results for Package CNVScope

Last updated on 2021-12-04 11:52:31 CET.

Flavor Version Tinstall Tcheck Ttotal Status Flags
r-devel-linux-x86_64-debian-clang 3.6.0 62.71 568.10 630.81 OK
r-devel-linux-x86_64-debian-gcc 3.6.0 48.44 451.82 500.26 OK
r-devel-linux-x86_64-fedora-clang 3.6.0 832.82 NOTE
r-devel-linux-x86_64-fedora-gcc 3.6.0 834.58 OK
r-devel-windows-x86_64-new-UL 3.6.0 105.00 672.00 777.00 NOTE
r-devel-windows-x86_64-new-TK 3.6.0 OK
r-devel-windows-x86_64-old 3.6.0 94.00 494.00 588.00 NOTE
r-patched-linux-x86_64 3.6.0 56.94 602.70 659.64 OK
r-release-linux-x86_64 3.6.0 52.28 598.83 651.11 OK
r-release-macos-arm64 3.6.0 NOTE
r-release-macos-x86_64 3.6.0 NOTE
r-release-windows-ix86+x86_64 3.6.0 85.00 10.00 95.00 ERROR
r-oldrel-macos-x86_64 3.5.6 ERROR
r-oldrel-windows-ix86+x86_64 3.5.6 21.00 6.00 27.00 ERROR

Check Details

Version: 3.6.0
Check: installed package size
Result: NOTE
     installed size is 5.3Mb
     sub-directories of 1Mb or more:
     doc 3.2Mb
     extdata 1.7Mb
Flavors: r-devel-linux-x86_64-fedora-clang, r-devel-windows-x86_64-new-UL, r-devel-windows-x86_64-old, r-release-macos-arm64, r-release-macos-x86_64

Version: 3.6.0
Check: whether package can be installed
Result: ERROR
    Installation failed.
Flavor: r-release-windows-ix86+x86_64

Version: 3.5.6
Check: package dependencies
Result: ERROR
    Package required but not available: ‘GenomicInteractions’
    
    Package suggested but not available for checking: ‘InteractionSet’
    
    See section ‘The DESCRIPTION file’ in the ‘Writing R Extensions’
    manual.
Flavor: r-oldrel-macos-x86_64

Version: 3.5.6
Check: whether package can be installed
Result: ERROR
    Installation failed.
Flavor: r-oldrel-windows-ix86+x86_64