CRAN Package Check Results for Package CKMRpop

Last updated on 2021-12-06 23:50:42 CET.

Flavor Version Tinstall Tcheck Ttotal Status Flags
r-devel-linux-x86_64-debian-clang 0.1.3 39.96 185.82 225.78 OK
r-devel-linux-x86_64-debian-gcc 0.1.3 27.67 137.61 165.28 OK
r-devel-linux-x86_64-fedora-clang 0.1.3 298.41 NOTE
r-devel-linux-x86_64-fedora-gcc 0.1.3 276.76 OK
r-devel-windows-x86_64-new-UL 0.1.3 64.00 265.00 329.00 NOTE
r-devel-windows-x86_64-new-TK 0.1.3 OK
r-devel-windows-x86_64-old 0.1.3 55.00 169.00 224.00 NOTE
r-patched-linux-x86_64 0.1.3 24.81 170.92 195.73 OK
r-release-linux-x86_64 0.1.3 27.91 174.81 202.72 OK
r-release-macos-arm64 0.1.3 NOTE
r-release-macos-x86_64 0.1.3 NOTE
r-release-windows-ix86+x86_64 0.1.3 103.00 274.00 377.00 NOTE
r-oldrel-macos-x86_64 0.1.3 NOTE
r-oldrel-windows-ix86+x86_64 0.1.3 98.00 275.00 373.00 NOTE

Check Details

Version: 0.1.3
Check: installed package size
Result: NOTE
     installed size is 6.9Mb
     sub-directories of 1Mb or more:
     data 1.1Mb
     doc 3.6Mb
     help 1.0Mb
     libs 1.1Mb
Flavors: r-devel-linux-x86_64-fedora-clang, r-devel-windows-x86_64-new-UL, r-devel-windows-x86_64-old, r-release-macos-arm64, r-release-macos-x86_64, r-release-windows-ix86+x86_64, r-oldrel-macos-x86_64, r-oldrel-windows-ix86+x86_64