CRAN Package Check Results for Package CITAN

Last updated on 2021-10-21 04:58:25 CEST.

Flavor Version Tinstall Tcheck Ttotal Status Flags
r-devel-linux-x86_64-debian-clang 2015.12-2 8.77 59.81 68.58 OK
r-devel-linux-x86_64-debian-gcc 2015.12-2 6.37 47.06 53.43 OK
r-devel-linux-x86_64-fedora-clang 2015.12-2 95.72 WARN
r-devel-linux-x86_64-fedora-gcc 2015.12-2 82.12 OK
r-devel-windows-x86_64 2015.12-2 12.00 84.00 96.00 OK
r-devel-windows-x86_64-gcc10-UCRT 2015.12-2 ERROR
r-patched-linux-x86_64 2015.12-2 11.64 58.79 70.43 OK
r-patched-solaris-x86 2015.12-2 125.50 OK
r-release-linux-x86_64 2015.12-2 8.56 58.50 67.06 OK
r-release-macos-arm64 2015.12-2 ERROR
r-release-macos-x86_64 2015.12-2 OK
r-release-windows-ix86+x86_64 2015.12-2 12.00 84.00 96.00 OK
r-oldrel-macos-x86_64 2015.12-2 OK
r-oldrel-windows-ix86+x86_64 2015.12-2 17.00 88.00 105.00 OK

Check Details

Version: 2015.12-2
Check: package dependencies
Result: WARN
    Requires orphaned package: ‘RGtk2’
Flavor: r-devel-linux-x86_64-fedora-clang

Version: 2015.12-2
Check: package dependencies
Result: ERROR
    Package required but not available: 'RGtk2'
    
    See section 'The DESCRIPTION file' in the 'Writing R Extensions'
    manual.
Flavors: r-devel-windows-x86_64-gcc10-UCRT, r-release-macos-arm64