CRAN Package Check Results for Package CISE

Last updated on 2021-07-25 07:49:56 CEST.

Flavor Version Tinstall Tcheck Ttotal Status Flags
r-devel-linux-x86_64-debian-clang 0.1.0 8.40 85.83 94.23 NOTE
r-devel-linux-x86_64-debian-gcc 0.1.0 7.70 65.87 73.57 NOTE
r-devel-linux-x86_64-fedora-clang 0.1.0 123.92 OK
r-devel-linux-x86_64-fedora-gcc 0.1.0 114.83 OK
r-devel-windows-x86_64 0.1.0 10.00 84.00 94.00 NOTE
r-devel-windows-x86_64-gcc10-UCRT 0.1.0 OK
r-patched-linux-x86_64 0.1.0 9.03 82.91 91.94 NOTE
r-patched-solaris-x86 0.1.0 186.30 OK
r-release-linux-x86_64 0.1.0 7.33 84.37 91.70 NOTE
r-release-macos-arm64 0.1.0 OK
r-release-macos-x86_64 0.1.0 OK
r-release-windows-ix86+x86_64 0.1.0 21.00 83.00 104.00 NOTE
r-oldrel-macos-x86_64 0.1.0 OK
r-oldrel-windows-ix86+x86_64 0.1.0 19.00 105.00 124.00 NOTE

Check Details

Version: 0.1.0
Check: package vignettes
Result: NOTE
    Package vignette with placeholder title 'Vignette Title':
     'CISE_vignette.Rmd'
Flavors: r-devel-linux-x86_64-debian-clang, r-devel-linux-x86_64-debian-gcc, r-devel-windows-x86_64, r-patched-linux-x86_64, r-release-linux-x86_64, r-release-windows-ix86+x86_64, r-oldrel-windows-ix86+x86_64