Last updated on 2023-03-31 05:54:19 CEST.
Flavor | Version | Tinstall | Tcheck | Ttotal | Status | Flags |
---|---|---|---|---|---|---|
r-devel-linux-x86_64-debian-clang | 0.1.0 | 10.27 | 112.53 | 122.80 | OK | |
r-devel-linux-x86_64-debian-gcc | 0.1.0 | 6.19 | 85.94 | 92.13 | OK | |
r-devel-linux-x86_64-fedora-clang | 0.1.0 | 153.03 | NOTE | |||
r-devel-linux-x86_64-fedora-gcc | 0.1.0 | 168.28 | OK | |||
r-devel-windows-x86_64 | 0.1.0 | 13.00 | 150.00 | 163.00 | NOTE | |
r-patched-linux-x86_64 | 0.1.0 | 5.65 | 106.30 | 111.95 | OK | |
r-release-linux-x86_64 | 0.1.0 | 5.60 | 108.75 | 114.35 | OK | |
r-release-macos-arm64 | 0.1.0 | 57.00 | NOTE | |||
r-release-macos-x86_64 | 0.1.0 | 84.00 | NOTE | |||
r-release-windows-x86_64 | 0.1.0 | 25.00 | 163.00 | 188.00 | NOTE | |
r-oldrel-macos-arm64 | 0.1.0 | 43.00 | NOTE | |||
r-oldrel-macos-x86_64 | 0.1.0 | 66.00 | NOTE | |||
r-oldrel-windows-ix86+x86_64 | 0.1.0 | 22.00 | 140.00 | 162.00 | NOTE |
Version: 0.1.0
Check: installed package size
Result: NOTE
installed size is 8.0Mb
sub-directories of 1Mb or more:
doc 5.7Mb
extdata 2.1Mb
Flavors: r-devel-linux-x86_64-fedora-clang, r-devel-windows-x86_64, r-release-macos-arm64, r-release-macos-x86_64, r-release-windows-x86_64, r-oldrel-macos-arm64, r-oldrel-macos-x86_64, r-oldrel-windows-ix86+x86_64