CRAN Package Check Results for Package CIAAWconsensus

Last updated on 2021-07-29 07:49:22 CEST.

Flavor Version Tinstall Tcheck Ttotal Status Flags
r-devel-linux-x86_64-debian-clang 1.3 OK
r-devel-linux-x86_64-debian-gcc 1.3 2.17 27.61 29.78 OK
r-devel-linux-x86_64-fedora-clang 1.3 54.93 NOTE
r-devel-linux-x86_64-fedora-gcc 1.3 44.03 NOTE
r-devel-windows-x86_64 1.3 3.00 48.00 51.00 OK
r-devel-windows-x86_64-gcc10-UCRT 1.3 NOTE
r-patched-linux-x86_64 1.3 2.52 34.31 36.83 OK
r-patched-solaris-x86 1.3 66.80 NOTE
r-release-linux-x86_64 1.3 2.28 34.07 36.35 OK
r-release-macos-arm64 1.3 NOTE
r-release-macos-x86_64 1.3 NOTE
r-release-windows-ix86+x86_64 1.3 6.00 51.00 57.00 OK
r-oldrel-macos-x86_64 1.3 NOTE
r-oldrel-windows-ix86+x86_64 1.3 6.00 53.00 59.00 OK

Check Details

Version: 1.3
Check: dependencies in R code
Result: NOTE
    Namespaces in Imports field not imported from:
     ‘Matrix’ ‘stringr’
     All declared Imports should be used.
Flavors: r-devel-linux-x86_64-fedora-clang, r-devel-linux-x86_64-fedora-gcc, r-devel-windows-x86_64-gcc10-UCRT, r-patched-solaris-x86, r-release-macos-arm64, r-release-macos-x86_64, r-oldrel-macos-x86_64