CRAN Package Check Results for Package CHOIRBM

Last updated on 2021-07-26 19:49:11 CEST.

Flavor Version Tinstall Tcheck Ttotal Status Flags
r-devel-linux-x86_64-debian-clang 0.0.2 4.12 51.84 55.96 OK
r-devel-linux-x86_64-debian-gcc 0.0.2 3.23 39.33 42.56 OK
r-devel-linux-x86_64-fedora-clang 0.0.2 75.93 OK
r-devel-linux-x86_64-fedora-gcc 0.0.2 65.57 OK
r-devel-windows-x86_64 0.0.2 8.00 71.00 79.00 OK
r-devel-windows-x86_64-gcc10-UCRT 0.0.2 OK
r-patched-linux-x86_64 0.0.2 4.17 47.52 51.69 OK
r-patched-solaris-x86 0.0.2 97.90 OK
r-release-linux-x86_64 0.0.2 3.91 47.80 51.71 OK
r-release-macos-arm64 0.0.2 WARN
r-release-macos-x86_64 0.0.2 OK
r-release-windows-ix86+x86_64 0.0.2 13.00 52.00 65.00 OK
r-oldrel-macos-x86_64 0.0.2 OK
r-oldrel-windows-ix86+x86_64 0.0.2 9.00 73.00 82.00 OK

Check Details

Version: 0.0.2
Check: re-building of vignette outputs
Result: WARN
    Error(s) in re-building vignettes:
     ...
    --- re-building ‘plot-one-patient.Rmd’ using rmarkdown
    Warning in engine$weave(file, quiet = quiet, encoding = enc) :
     Pandoc (>= 1.12.3) not available. Falling back to R Markdown v1.
    Quitting from lines 36-37 (plot-one-patient.Rmd)
    Error: processing vignette 'plot-one-patient.Rmd' failed with diagnostics:
    polygon edge not found
    --- failed re-building ‘plot-one-patient.Rmd’
    
    SUMMARY: processing the following file failed:
     ‘plot-one-patient.Rmd’
    
    Error: Vignette re-building failed.
    Execution halted
Flavor: r-release-macos-arm64