Last updated on 2022-08-11 09:53:13 CEST.
Flavor | Version | Tinstall | Tcheck | Ttotal | Status | Flags |
---|---|---|---|---|---|---|
r-devel-linux-x86_64-debian-clang | 1.0.1 | 134.14 | 80.04 | 214.18 | OK | |
r-devel-linux-x86_64-debian-gcc | 1.0.1 | 109.81 | 61.15 | 170.96 | OK | |
r-devel-linux-x86_64-fedora-clang | 1.0.1 | 337.49 | NOTE | |||
r-devel-linux-x86_64-fedora-gcc | 1.0.1 | 309.49 | NOTE | |||
r-devel-windows-x86_64 | 1.0.1 | 109.00 | 125.00 | 234.00 | OK | |
r-patched-linux-x86_64 | 1.0.1 | 88.79 | 76.29 | 165.08 | OK | |
r-release-linux-x86_64 | 1.0.1 | OK | ||||
r-release-macos-arm64 | 1.0.1 | 74.00 | NOTE | |||
r-release-macos-x86_64 | 1.0.1 | 117.00 | NOTE | |||
r-release-windows-x86_64 | 1.0.1 | 104.00 | 127.00 | 231.00 | OK | |
r-oldrel-macos-arm64 | 1.0.1 | 84.00 | NOTE | |||
r-oldrel-macos-x86_64 | 1.0.1 | 91.00 | NOTE | |||
r-oldrel-windows-ix86+x86_64 | 1.0.1 | 320.00 | 139.00 | 459.00 | OK |
Version: 1.0.1
Check: installed package size
Result: NOTE
installed size is 7.7Mb
sub-directories of 1Mb or more:
libs 7.4Mb
Flavors: r-devel-linux-x86_64-fedora-clang, r-release-macos-arm64, r-release-macos-x86_64, r-oldrel-macos-arm64, r-oldrel-macos-x86_64
Version: 1.0.1
Check: dependencies in R code
Result: NOTE
Namespace in Imports field not imported from: ‘formula.tools’
All declared Imports should be used.
Flavors: r-devel-linux-x86_64-fedora-clang, r-devel-linux-x86_64-fedora-gcc, r-release-macos-arm64, r-release-macos-x86_64, r-oldrel-macos-arm64, r-oldrel-macos-x86_64