CRAN Package Check Results for Package CBPS

Last updated on 2021-09-19 16:48:46 CEST.

Flavor Version Tinstall Tcheck Ttotal Status Flags
r-devel-linux-x86_64-debian-clang 0.22 17.36 122.46 139.82 OK
r-devel-linux-x86_64-debian-gcc 0.22 13.72 90.99 104.71 OK
r-devel-linux-x86_64-fedora-clang 0.22 172.74 OK
r-devel-linux-x86_64-fedora-gcc 0.22 131.44 OK
r-devel-windows-x86_64 0.22 15.00 114.00 129.00 OK
r-devel-windows-x86_64-gcc10-UCRT 0.22 ERROR
r-patched-linux-x86_64 0.22 14.65 117.91 132.56 OK
r-patched-solaris-x86 0.22 227.60 OK
r-release-linux-x86_64 0.22 15.97 116.85 132.82 OK
r-release-macos-arm64 0.22 OK
r-release-macos-x86_64 0.22 OK
r-release-windows-ix86+x86_64 0.22 31.00 147.00 178.00 OK
r-oldrel-macos-x86_64 0.22 OK
r-oldrel-windows-ix86+x86_64 0.22 28.00 140.00 168.00 OK

Check Details

Version: 0.22
Check: whether package can be installed
Result: WARN
    Found the following significant warnings:
     WARNING: installation-time patches will not be applied, could not get the patches index
Flavor: r-devel-windows-x86_64-gcc10-UCRT

Version: 0.22
Check: PDF version of manual
Result: WARN
    LaTeX errors when creating PDF version.
    This typically indicates Rd problems.
Flavor: r-devel-windows-x86_64-gcc10-UCRT

Version: 0.22
Check: PDF version of manual without hyperrefs or index
Result: ERROR
    Re-running with no redirection of stdout/stderr.
Flavor: r-devel-windows-x86_64-gcc10-UCRT