CRAN Package Check Results for Package CARlasso

Last updated on 2021-12-01 23:51:33 CET.

Flavor Version Tinstall Tcheck Ttotal Status Flags
r-devel-linux-x86_64-debian-clang 0.1.2 317.55 113.17 430.72 OK
r-devel-linux-x86_64-debian-gcc 0.1.2 220.78 84.70 305.48 OK
r-devel-linux-x86_64-fedora-clang 0.1.2 654.79 NOTE
r-devel-linux-x86_64-fedora-gcc 0.1.2 605.34 OK
r-devel-windows-x86_64-new-UL 0.1.2 367.00 215.00 582.00 OK
r-devel-windows-x86_64-new-TK 0.1.2 OK
r-devel-windows-x86_64-old 0.1.2 389.00 115.00 504.00 OK
r-patched-linux-x86_64 0.1.2 207.27 109.89 317.16 OK
r-patched-solaris-x86 0.1.2 495.60 OK
r-release-linux-x86_64 0.1.2 268.49 109.25 377.74 OK
r-release-macos-arm64 0.1.2 NOTE
r-release-macos-x86_64 0.1.2 NOTE
r-release-windows-ix86+x86_64 0.1.2 767.00 202.00 969.00 OK
r-oldrel-macos-x86_64 0.1.2 NOTE
r-oldrel-windows-ix86+x86_64 0.1.2 753.00 210.00 963.00 OK

Check Details

Version: 0.1.2
Check: installed package size
Result: NOTE
     installed size is 13.8Mb
     sub-directories of 1Mb or more:
     libs 13.5Mb
Flavors: r-devel-linux-x86_64-fedora-clang, r-release-macos-arm64, r-release-macos-x86_64, r-oldrel-macos-x86_64