Last updated on 2022-08-12 09:51:57 CEST.
Flavor | Version | Tinstall | Tcheck | Ttotal | Status | Flags |
---|---|---|---|---|---|---|
r-devel-linux-x86_64-debian-clang | 0.75 | 19.91 | 63.09 | 83.00 | OK | |
r-devel-linux-x86_64-debian-gcc | 0.75 | 18.40 | 49.11 | 67.51 | OK | |
r-devel-linux-x86_64-fedora-clang | 0.75 | 127.12 | NOTE | |||
r-devel-linux-x86_64-fedora-gcc | 0.75 | 115.03 | NOTE | |||
r-devel-windows-x86_64 | 0.75 | 29.00 | 104.00 | 133.00 | OK | |
r-patched-linux-x86_64 | 0.75 | 17.23 | 61.24 | 78.47 | OK | |
r-release-linux-x86_64 | 0.75 | 14.35 | 61.97 | 76.32 | OK | |
r-release-macos-arm64 | 0.75 | 35.00 | OK | |||
r-release-macos-x86_64 | 0.75 | 54.00 | OK | |||
r-release-windows-x86_64 | 0.75 | 28.00 | 107.00 | 135.00 | OK | |
r-oldrel-macos-arm64 | 0.75 | 35.00 | OK | |||
r-oldrel-macos-x86_64 | 0.75 | 52.00 | OK | |||
r-oldrel-windows-ix86+x86_64 | 0.75 | 49.00 | 119.00 | 168.00 | OK |
Version: 0.75
Check: compiled code
Result: NOTE
File ‘CAMAN/libs/CAMAN.so’:
Found no calls to: ‘R_registerRoutines’, ‘R_useDynamicSymbols’
It is good practice to register native routines and to disable symbol
search.
See ‘Writing portable packages’ in the ‘Writing R Extensions’ manual.
Flavors: r-devel-linux-x86_64-fedora-clang, r-devel-linux-x86_64-fedora-gcc