CRAN Package Check Results for Package Boruta

Last updated on 2021-09-21 04:54:56 CEST.

Flavor Version Tinstall Tcheck Ttotal Status Flags
r-devel-linux-x86_64-debian-clang 7.0.0 2.61 103.88 106.49 OK
r-devel-linux-x86_64-debian-gcc 7.0.0 2.07 81.91 83.98 OK
r-devel-linux-x86_64-fedora-clang 7.0.0 118.44 OK
r-devel-linux-x86_64-fedora-gcc 7.0.0 122.81 OK
r-devel-windows-x86_64 7.0.0 4.00 67.00 71.00 OK
r-devel-windows-x86_64-gcc10-UCRT 7.0.0 ERROR
r-patched-linux-x86_64 7.0.0 6.05 101.13 107.18 OK
r-patched-solaris-x86 7.0.0 955.10 OK
r-release-linux-x86_64 7.0.0 2.58 101.21 103.79 OK
r-release-macos-arm64 7.0.0 OK
r-release-macos-x86_64 7.0.0 OK
r-release-windows-ix86+x86_64 7.0.0 6.00 90.00 96.00 OK
r-oldrel-macos-x86_64 7.0.0 OK
r-oldrel-windows-ix86+x86_64 7.0.0 6.00 66.00 72.00 OK

Check Details

Version: 7.0.0
Check: whether package can be installed
Result: WARN
    Found the following significant warnings:
     WARNING: installation-time patches will not be applied, could not get the patches index
Flavor: r-devel-windows-x86_64-gcc10-UCRT

Version: 7.0.0
Check: PDF version of manual
Result: WARN
    LaTeX errors when creating PDF version.
    This typically indicates Rd problems.
Flavor: r-devel-windows-x86_64-gcc10-UCRT

Version: 7.0.0
Check: PDF version of manual without hyperrefs or index
Result: ERROR
    Re-running with no redirection of stdout/stderr.
Flavor: r-devel-windows-x86_64-gcc10-UCRT