CRAN Package Check Results for Package Bios2cor

Last updated on 2021-10-21 04:58:24 CEST.

Flavor Version Tinstall Tcheck Ttotal Status Flags
r-devel-linux-x86_64-debian-clang 2.2 7.01 123.36 130.37 OK
r-devel-linux-x86_64-debian-gcc 2.2 5.25 89.46 94.71 OK
r-devel-linux-x86_64-fedora-clang 2.2 171.30 OK
r-devel-linux-x86_64-fedora-gcc 2.2 150.24 OK
r-devel-windows-x86_64 2.2 11.00 165.00 176.00 OK
r-devel-windows-x86_64-gcc10-UCRT 2.2 ERROR
r-patched-linux-x86_64 2.2 10.66 120.38 131.04 OK
r-patched-solaris-x86 2.2 208.70 OK
r-release-linux-x86_64 2.2 6.60 119.20 125.80 OK
r-release-macos-arm64 2.2 OK
r-release-macos-x86_64 2.2 OK
r-release-windows-ix86+x86_64 2.2 9.00 156.00 165.00 OK
r-oldrel-macos-x86_64 2.2 OK
r-oldrel-windows-ix86+x86_64 2.2 14.00 157.00 171.00 OK

Check Details

Version: 2.2
Check: package dependencies
Result: ERROR
    Package required but not available: 'igraph'
    
    See section 'The DESCRIPTION file' in the 'Writing R Extensions'
    manual.
Flavor: r-devel-windows-x86_64-gcc10-UCRT