Last updated on 2022-07-03 17:51:59 CEST.
Flavor | Version | Tinstall | Tcheck | Ttotal | Status | Flags |
---|---|---|---|---|---|---|
r-devel-linux-x86_64-debian-clang | 2.2 | 7.05 | 128.37 | 135.42 | NOTE | |
r-devel-linux-x86_64-debian-gcc | 2.2 | 5.38 | 91.55 | 96.93 | NOTE | |
r-devel-linux-x86_64-fedora-clang | 2.2 | 165.79 | OK | |||
r-devel-linux-x86_64-fedora-gcc | 2.2 | 163.00 | OK | |||
r-devel-windows-x86_64 | 2.2 | 33.00 | 154.00 | 187.00 | OK | |
r-patched-linux-x86_64 | 2.2 | 10.25 | 120.44 | 130.69 | OK | |
r-release-linux-x86_64 | 2.2 | 6.89 | 118.17 | 125.06 | OK | |
r-release-macos-arm64 | 2.2 | 48.00 | OK | |||
r-release-macos-x86_64 | 2.2 | 61.00 | OK | |||
r-release-windows-x86_64 | 2.2 | 43.00 | 153.00 | 196.00 | OK | |
r-oldrel-macos-arm64 | 2.2 | 52.00 | OK | |||
r-oldrel-macos-x86_64 | 2.2 | 92.00 | OK | |||
r-oldrel-windows-ix86+x86_64 | 2.2 | 17.00 | 153.00 | 170.00 | OK |
Version: 2.2
Check: HTML version of manual
Result: NOTE
Found the following problems:
elsc.Rd:62:1: Warning: missing </em> before </p>
elsc.Rd:63:32: Warning: inserting implicit <em>
elsc.Rd:65:1: Warning: inserting implicit <em>
elsc.Rd:62:1: Warning: trimming empty <em>
elsc.Rd:65:1: Warning: trimming empty <em>
Flavors: r-devel-linux-x86_64-debian-clang, r-devel-linux-x86_64-debian-gcc