CRAN Package Check Results for Package BiodiversityR

Last updated on 2021-08-05 20:05:43 CEST.

Flavor Version Tinstall Tcheck Ttotal Status Flags
r-devel-linux-x86_64-debian-clang 2.13-1 57.40 287.13 344.53 OK
r-devel-linux-x86_64-debian-gcc 2.13-1 47.23 209.60 256.83 OK
r-devel-linux-x86_64-fedora-clang 2.13-1 461.75 NOTE
r-devel-linux-x86_64-fedora-gcc 2.13-1 434.29 OK
r-devel-windows-x86_64 2.13-1 72.00 279.00 351.00 OK
r-devel-windows-x86_64-gcc10-UCRT 2.13-1 ERROR
r-patched-linux-x86_64 2.13-1 56.84 274.83 331.67 OK
r-patched-solaris-x86 2.13-1 447.70 OK
r-release-linux-x86_64 2.13-1 54.05 274.13 328.18 OK
r-release-macos-arm64 2.13-1 NOTE
r-release-macos-x86_64 2.13-1 OK
r-release-windows-ix86+x86_64 2.13-1 90.00 201.00 291.00 OK
r-oldrel-macos-x86_64 2.13-1 OK
r-oldrel-windows-ix86+x86_64 2.13-1 88.00 271.00 359.00 OK

Check Details

Version: 2.13-1
Check: Rd cross-references
Result: NOTE
    Undeclared packages ‘ggplot2’, ‘pvclust’ in Rd xrefs
Flavor: r-devel-linux-x86_64-fedora-clang

Version: 2.13-1
Check: package dependencies
Result: ERROR
    Package required but not available: 'Rcmdr'
    
    Packages suggested but not available for checking:
     'car', 'ENMeval', 'readxl', 'dplyr', 'sf', 'blockCV'
    
    See section 'The DESCRIPTION file' in the 'Writing R Extensions'
    manual.
Flavor: r-devel-windows-x86_64-gcc10-UCRT

Version: 2.13-1
Check: package dependencies
Result: NOTE
    Package suggested but not available for checking: ‘RODBC’
Flavor: r-release-macos-arm64