CRAN Package Check Results for Package BinQuasi

Last updated on 2021-06-18 21:53:10 CEST.

Flavor Version Tinstall Tcheck Ttotal Status Flags
r-devel-linux-x86_64-debian-clang 0.1-6 43.02 551.36 594.38 OK
r-devel-linux-x86_64-debian-gcc 0.1-6 33.08 411.00 444.08 OK
r-devel-linux-x86_64-fedora-clang 0.1-6 722.65 OK
r-devel-linux-x86_64-fedora-gcc 0.1-6 706.08 OK
r-devel-windows-x86_64 0.1-6 56.00 432.00 488.00 OK
r-devel-windows-x86_64-gcc10-UCRT 0.1-6 OK
r-patched-linux-x86_64 0.1-6 42.27 523.96 566.23 OK
r-patched-solaris-x86 0.1-6 930.80 OK
r-release-linux-x86_64 0.1-6 39.25 521.03 560.28 OK
r-release-macos-arm64 0.1-6 ERROR
r-release-macos-x86_64 0.1-6 ERROR
r-release-windows-ix86+x86_64 0.1-6 85.00 726.00 811.00 OK
r-oldrel-macos-x86_64 0.1-6 ERROR
r-oldrel-windows-ix86+x86_64 0.1-6 91.00 956.00 1047.00 OK

Check Details

Version: 0.1-6
Check: package dependencies
Result: ERROR
    Packages required but not available:
     'edgeR', 'Rsamtools', 'GenomicAlignments', 'GenomicRanges', 'csaw',
     'SummarizedExperiment'
    
    See section ‘The DESCRIPTION file’ in the ‘Writing R Extensions’
    manual.
Flavor: r-release-macos-arm64

Version: 0.1-6
Check: package dependencies
Result: ERROR
    Package required but not available: ‘csaw’
    
    See section ‘The DESCRIPTION file’ in the ‘Writing R Extensions’
    manual.
Flavors: r-release-macos-x86_64, r-oldrel-macos-x86_64