CRAN Package Check Results for Package BinGSD

Last updated on 2022-08-12 21:52:57 CEST.

Flavor Version Tinstall Tcheck Ttotal Status Flags
r-devel-linux-x86_64-debian-clang 0.0.1 3.37 27.38 30.75 NOTE
r-devel-linux-x86_64-debian-gcc 0.0.1 2.42 21.31 23.73 NOTE
r-devel-linux-x86_64-fedora-clang 0.0.1 47.69 NOTE
r-devel-linux-x86_64-fedora-gcc 0.0.1 46.79 NOTE
r-devel-windows-x86_64 0.0.1 12.00 49.00 61.00 NOTE
r-patched-linux-x86_64 0.0.1 3.11 25.63 28.74 NOTE
r-release-linux-x86_64 0.0.1 3.10 26.23 29.33 NOTE
r-release-macos-arm64 0.0.1 16.00 NOTE
r-release-macos-x86_64 0.0.1 22.00 NOTE
r-release-windows-x86_64 0.0.1 6.00 50.00 56.00 NOTE
r-oldrel-macos-arm64 0.0.1 20.00 NOTE
r-oldrel-macos-x86_64 0.0.1 28.00 NOTE
r-oldrel-windows-ix86+x86_64 0.0.1 6.00 39.00 45.00 NOTE

Check Details

Version: 0.0.1
Check: LazyData
Result: NOTE
     'LazyData' is specified without a 'data' directory
Flavors: r-devel-linux-x86_64-debian-clang, r-devel-linux-x86_64-debian-gcc, r-devel-linux-x86_64-fedora-clang, r-devel-linux-x86_64-fedora-gcc, r-devel-windows-x86_64, r-patched-linux-x86_64, r-release-linux-x86_64, r-release-macos-arm64, r-release-macos-x86_64, r-release-windows-x86_64, r-oldrel-macos-arm64, r-oldrel-macos-x86_64, r-oldrel-windows-ix86+x86_64