CRAN Package Check Results for Package Bestie

Last updated on 2022-08-12 21:52:56 CEST.

Flavor Version Tinstall Tcheck Ttotal Status Flags
r-devel-linux-x86_64-debian-clang 0.1.5 17.73 36.00 53.73 OK
r-devel-linux-x86_64-debian-gcc 0.1.5 13.77 28.14 41.91 OK
r-devel-linux-x86_64-fedora-clang 0.1.5 86.33 NOTE
r-devel-linux-x86_64-fedora-gcc 0.1.5 78.06 NOTE
r-devel-windows-x86_64 0.1.5 22.00 76.00 98.00 OK
r-patched-linux-x86_64 0.1.5 15.75 35.93 51.68 OK
r-release-linux-x86_64 0.1.5 13.90 35.67 49.57 OK
r-release-macos-arm64 0.1.5 24.00 NOTE
r-release-macos-x86_64 0.1.5 32.00 NOTE
r-release-windows-x86_64 0.1.5 24.00 80.00 104.00 OK
r-oldrel-macos-arm64 0.1.5 26.00 NOTE
r-oldrel-macos-x86_64 0.1.5 38.00 NOTE
r-oldrel-windows-ix86+x86_64 0.1.5 48.00 95.00 143.00 OK

Check Details

Version: 0.1.5
Check: dependencies in R code
Result: NOTE
    Namespace in Imports field not imported from: ‘BiDAG’
     All declared Imports should be used.
Flavors: r-devel-linux-x86_64-fedora-clang, r-devel-linux-x86_64-fedora-gcc, r-release-macos-arm64, r-release-macos-x86_64, r-oldrel-macos-arm64, r-oldrel-macos-x86_64