CRAN Package Check Results for Package BayesianGLasso

Last updated on 2022-08-12 21:52:56 CEST.

Flavor Version Tinstall Tcheck Ttotal Status Flags
r-devel-linux-x86_64-debian-clang 0.2.0 2.10 21.66 23.76 NOTE
r-devel-linux-x86_64-debian-gcc 0.2.0 1.65 17.21 18.86 NOTE
r-devel-linux-x86_64-fedora-clang 0.2.0 41.08 NOTE
r-devel-linux-x86_64-fedora-gcc 0.2.0 42.61 NOTE
r-devel-windows-x86_64 0.2.0 11.00 46.00 57.00 NOTE
r-patched-linux-x86_64 0.2.0 1.65 21.62 23.27 NOTE
r-release-linux-x86_64 0.2.0 1.87 21.86 23.73 NOTE
r-release-macos-arm64 0.2.0 15.00 NOTE
r-release-macos-x86_64 0.2.0 20.00 NOTE
r-release-windows-x86_64 0.2.0 18.00 47.00 65.00 NOTE
r-oldrel-macos-arm64 0.2.0 19.00 NOTE
r-oldrel-macos-x86_64 0.2.0 27.00 NOTE
r-oldrel-windows-ix86+x86_64 0.2.0 4.00 41.00 45.00 NOTE

Check Details

Version: 0.2.0
Check: LazyData
Result: NOTE
     'LazyData' is specified without a 'data' directory
Flavors: r-devel-linux-x86_64-debian-clang, r-devel-linux-x86_64-debian-gcc, r-devel-linux-x86_64-fedora-clang, r-devel-linux-x86_64-fedora-gcc, r-devel-windows-x86_64, r-patched-linux-x86_64, r-release-linux-x86_64, r-release-macos-arm64, r-release-macos-x86_64, r-release-windows-x86_64, r-oldrel-macos-arm64, r-oldrel-macos-x86_64, r-oldrel-windows-ix86+x86_64