CRAN Package Check Results for Package BayesTree

Last updated on 2021-12-06 11:51:48 CET.

Flavor Version Tinstall Tcheck Ttotal Status Flags
r-devel-linux-x86_64-debian-clang 0.3-1.4 19.13 28.23 47.36 OK
r-devel-linux-x86_64-debian-gcc 0.3-1.4 11.44 29.03 40.47 OK
r-devel-linux-x86_64-fedora-clang 0.3-1.4 82.19 NOTE
r-devel-linux-x86_64-fedora-gcc 0.3-1.4 57.25 NOTE
r-devel-windows-x86_64-new-UL 0.3-1.4 30.00 85.00 115.00 OK
r-devel-windows-x86_64-new-TK 0.3-1.4 OK
r-devel-windows-x86_64-old 0.3-1.4 23.00 39.00 62.00 OK
r-patched-linux-x86_64 0.3-1.4 15.56 27.62 43.18 OK
r-release-linux-x86_64 0.3-1.4 15.40 35.17 50.57 OK
r-release-macos-arm64 0.3-1.4 OK
r-release-macos-x86_64 0.3-1.4 OK
r-release-windows-ix86+x86_64 0.3-1.4 45.00 68.00 113.00 OK
r-oldrel-macos-x86_64 0.3-1.4 OK
r-oldrel-windows-ix86+x86_64 0.3-1.4 44.00 67.00 111.00 OK

Check Details

Version: 0.3-1.4
Check: compiled code
Result: NOTE
    File ‘BayesTree/libs/BayesTree.so’:
     Found no calls to: ‘R_registerRoutines’, ‘R_useDynamicSymbols’
    
    It is good practice to register native routines and to disable symbol
    search.
    
    See ‘Writing portable packages’ in the ‘Writing R Extensions’ manual.
Flavors: r-devel-linux-x86_64-fedora-clang, r-devel-linux-x86_64-fedora-gcc