CRAN Package Check Results for Package BayesSUR

Last updated on 2022-01-17 00:48:28 CET.

Flavor Version Tinstall Tcheck Ttotal Status Flags
r-devel-linux-x86_64-debian-clang 2.0-1 218.96 102.59 321.55 OK
r-devel-linux-x86_64-debian-gcc 2.0-1 149.46 88.54 238.00 OK
r-devel-linux-x86_64-fedora-clang 2.0-1 449.80 NOTE
r-devel-linux-x86_64-fedora-gcc 2.0-1 418.29 OK
r-devel-windows-x86_64-new-UL 2.0-1 174.00 158.00 332.00 OK
r-devel-windows-x86_64-new-TK 2.0-1 OK
r-patched-linux-x86_64 2.0-1 173.18 102.76 275.94 OK
r-release-linux-x86_64 2.0-1 OK
r-release-macos-arm64 2.0-1 NOTE
r-release-macos-x86_64 2.0-1 NOTE
r-release-windows-ix86+x86_64 2.0-1 456.00 186.00 642.00 NOTE
r-oldrel-macos-x86_64 2.0-1 NOTE
r-oldrel-windows-ix86+x86_64 2.0-1 454.00 184.00 638.00 NOTE

Check Details

Version: 2.0-1
Check: installed package size
Result: NOTE
     installed size is 15.2Mb
     sub-directories of 1Mb or more:
     data 1.5Mb
     libs 12.9Mb
Flavors: r-devel-linux-x86_64-fedora-clang, r-release-macos-arm64, r-release-macos-x86_64, r-release-windows-ix86+x86_64, r-oldrel-macos-x86_64, r-oldrel-windows-ix86+x86_64