Last updated on 2022-07-03 17:51:59 CEST.
Flavor | Version | Tinstall | Tcheck | Ttotal | Status | Flags |
---|---|---|---|---|---|---|
r-devel-linux-x86_64-debian-clang | 2.1-0 | 227.18 | 100.94 | 328.12 | OK | |
r-devel-linux-x86_64-debian-gcc | 2.1-0 | 173.36 | 76.27 | 249.63 | OK | |
r-devel-linux-x86_64-fedora-clang | 2.1-0 | 484.35 | NOTE | |||
r-devel-linux-x86_64-fedora-gcc | 2.1-0 | 429.00 | OK | |||
r-devel-windows-x86_64 | 2.1-0 | 139.00 | 179.00 | 318.00 | OK | |
r-patched-linux-x86_64 | 2.1-0 | 177.75 | 99.50 | 277.25 | OK | |
r-release-linux-x86_64 | 2.0-1 | 173.94 | 100.08 | 274.02 | OK | |
r-release-macos-arm64 | 2.1-0 | 107.00 | NOTE | |||
r-release-macos-x86_64 | 2.1-0 | 135.00 | NOTE | |||
r-release-windows-x86_64 | 2.1-0 | 231.00 | 202.00 | 433.00 | OK | |
r-oldrel-macos-arm64 | 2.1-0 | 103.00 | NOTE | |||
r-oldrel-macos-x86_64 | 2.1-0 | 130.00 | NOTE | |||
r-oldrel-windows-ix86+x86_64 | 2.0-1 | 474.00 | 195.00 | 669.00 | NOTE |
Version: 2.1-0
Check: installed package size
Result: NOTE
installed size is 12.8Mb
sub-directories of 1Mb or more:
data 1.5Mb
libs 10.5Mb
Flavors: r-devel-linux-x86_64-fedora-clang, r-release-macos-arm64, r-release-macos-x86_64, r-oldrel-macos-arm64, r-oldrel-macos-x86_64
Version: 2.0-1
Check: installed package size
Result: NOTE
installed size is 6.6Mb
sub-directories of 1Mb or more:
data 1.5Mb
libs 4.3Mb
Flavor: r-oldrel-windows-ix86+x86_64