CRAN Package Check Results for Package BayesSUR

Last updated on 2021-09-27 04:54:50 CEST.

Flavor Version Tinstall Tcheck Ttotal Status Flags
r-devel-linux-x86_64-debian-clang 2.0-0 235.14 98.31 333.45 OK
r-devel-linux-x86_64-debian-gcc 2.0-0 152.48 74.54 227.02 OK
r-devel-linux-x86_64-fedora-clang 2.0-0 440.01 NOTE
r-devel-linux-x86_64-fedora-gcc 2.0-0 403.20 OK
r-devel-windows-x86_64 2.0-0 171.00 102.00 273.00 OK
r-devel-windows-x86_64-gcc10-UCRT 2.0-0 OK
r-patched-linux-x86_64 2.0-0 178.29 95.67 273.96 OK
r-patched-solaris-x86 2.0-0 373.10 OK
r-release-linux-x86_64 2.0-0 188.77 97.29 286.06 OK
r-release-macos-arm64 2.0-0 NOTE
r-release-macos-x86_64 2.0-0 NOTE
r-release-windows-ix86+x86_64 2.0-0 468.00 183.00 651.00 NOTE
r-oldrel-macos-x86_64 2.0-0 NOTE
r-oldrel-windows-ix86+x86_64 2.0-0 341.00 143.00 484.00 NOTE

Check Details

Version: 2.0-0
Check: installed package size
Result: NOTE
     installed size is 15.1Mb
     sub-directories of 1Mb or more:
     data 1.5Mb
     libs 12.9Mb
Flavors: r-devel-linux-x86_64-fedora-clang, r-release-macos-arm64, r-release-macos-x86_64, r-release-windows-ix86+x86_64, r-oldrel-macos-x86_64, r-oldrel-windows-ix86+x86_64