Last updated on 2023-05-31 23:27:13 CEST.
Flavor | Version | Tinstall | Tcheck | Ttotal | Status | Flags |
---|---|---|---|---|---|---|
r-devel-linux-x86_64-debian-clang | 1.5 | 45.52 | 30.42 | 75.94 | NOTE | |
r-devel-linux-x86_64-debian-gcc | 1.5 | 32.52 | 24.04 | 56.56 | NOTE | |
r-devel-linux-x86_64-fedora-clang | 1.5 | 107.82 | NOTE | |||
r-devel-linux-x86_64-fedora-gcc | 1.5 | 107.92 | NOTE | |||
r-devel-windows-x86_64 | 1.5 | 33.00 | 74.00 | 107.00 | NOTE | |
r-patched-linux-x86_64 | 1.5 | NOTE | ||||
r-release-linux-x86_64 | 1.5 | 35.91 | 29.80 | 65.71 | NOTE | |
r-release-macos-arm64 | 1.5 | 33.00 | NOTE | |||
r-release-macos-x86_64 | 1.5 | 52.00 | NOTE | |||
r-release-windows-x86_64 | 1.5 | 43.00 | 80.00 | 123.00 | NOTE | |
r-oldrel-macos-arm64 | 1.5 | 31.00 | OK | |||
r-oldrel-macos-x86_64 | 1.5 | 42.00 | OK | |||
r-oldrel-windows-x86_64 | 1.5 | 43.00 | 74.00 | 117.00 | OK |
Version: 1.5
Check: C++ specification
Result: NOTE
Specified C++11: please drop specification unless essential
Flavors: r-devel-linux-x86_64-debian-clang, r-devel-linux-x86_64-debian-gcc, r-devel-linux-x86_64-fedora-clang, r-devel-linux-x86_64-fedora-gcc, r-devel-windows-x86_64, r-patched-linux-x86_64, r-release-linux-x86_64, r-release-macos-arm64, r-release-macos-x86_64, r-release-windows-x86_64