Last updated on 2022-08-14 09:52:00 CEST.
Flavor | Version | Tinstall | Tcheck | Ttotal | Status | Flags |
---|---|---|---|---|---|---|
r-devel-linux-x86_64-debian-clang | 2.2 | 133.39 | 176.76 | 310.15 | OK | |
r-devel-linux-x86_64-debian-gcc | 2.2 | 115.90 | 128.09 | 243.99 | OK | |
r-devel-linux-x86_64-fedora-clang | 2.2 | 448.74 | NOTE | |||
r-devel-linux-x86_64-fedora-gcc | 2.2 | 420.10 | OK | |||
r-devel-windows-x86_64 | 2.2 | 107.00 | 237.00 | 344.00 | OK | |
r-patched-linux-x86_64 | 2.2 | 112.00 | 167.73 | 279.73 | OK | |
r-release-linux-x86_64 | 2.2 | 114.82 | 161.75 | 276.57 | OK | |
r-release-macos-arm64 | 2.2 | 132.00 | NOTE | |||
r-release-macos-x86_64 | 2.2 | 164.00 | NOTE | |||
r-release-windows-x86_64 | 2.2 | 109.00 | 245.00 | 354.00 | OK | |
r-oldrel-macos-arm64 | 2.2 | 129.00 | NOTE | |||
r-oldrel-macos-x86_64 | 2.2 | 148.00 | NOTE | |||
r-oldrel-windows-ix86+x86_64 | 2.2 | 325.00 | 325.00 | 650.00 | OK |
Version: 2.2
Check: installed package size
Result: NOTE
installed size is 7.0Mb
sub-directories of 1Mb or more:
libs 6.5Mb
Flavors: r-devel-linux-x86_64-fedora-clang, r-release-macos-arm64, r-release-macos-x86_64, r-oldrel-macos-arm64, r-oldrel-macos-x86_64