CRAN Package Check Results for Package BayesPPD

Last updated on 2022-01-25 12:55:26 CET.

Flavor Version Tinstall Tcheck Ttotal Status Flags
r-devel-linux-x86_64-debian-clang 1.0.4 108.22 47.22 155.44 OK
r-devel-linux-x86_64-debian-gcc 1.0.4 97.11 40.10 137.21 OK
r-devel-linux-x86_64-fedora-clang 1.0.4 244.55 NOTE
r-devel-linux-x86_64-fedora-gcc 1.0.4 222.79 NOTE
r-devel-windows-x86_64-new-UL 1.0.4 119.00 99.00 218.00 OK
r-devel-windows-x86_64-new-TK 1.0.4 NOTE
r-patched-linux-x86_64 1.0.4 114.78 46.38 161.16 OK
r-release-linux-x86_64 1.0.4 112.81 45.98 158.79 OK
r-release-macos-arm64 1.0.4 NOTE
r-release-macos-x86_64 1.0.4 NOTE
r-release-windows-ix86+x86_64 1.0.4 269.00 111.00 380.00 OK
r-oldrel-macos-x86_64 1.0.4 NOTE
r-oldrel-windows-ix86+x86_64 1.0.4 267.00 109.00 376.00 OK

Check Details

Version: 1.0.4
Check: installed package size
Result: NOTE
     installed size is 11.7Mb
     sub-directories of 1Mb or more:
     libs 11.5Mb
Flavors: r-devel-linux-x86_64-fedora-clang, r-release-macos-arm64, r-release-macos-x86_64, r-oldrel-macos-x86_64

Version: 1.0.4
Check: dependencies in R code
Result: NOTE
    Namespace in Imports field not imported from: ‘RcppNumerical’
     All declared Imports should be used.
Flavors: r-devel-linux-x86_64-fedora-clang, r-devel-linux-x86_64-fedora-gcc, r-devel-windows-x86_64-new-TK, r-release-macos-arm64, r-release-macos-x86_64, r-oldrel-macos-x86_64