CRAN Package Check Results for Package BayesARIMAX

Last updated on 2022-05-21 14:53:10 CEST.

Flavor Version Tinstall Tcheck Ttotal Status Flags
r-devel-linux-x86_64-debian-clang 0.1.1 7.09 79.76 86.85 NOTE
r-devel-linux-x86_64-debian-gcc 0.1.1 5.66 59.49 65.15 NOTE
r-devel-linux-x86_64-fedora-clang 0.1.1 100.92 NOTE
r-devel-linux-x86_64-fedora-gcc 0.1.1 99.95 NOTE
r-devel-windows-x86_64 0.1.1 16.00 92.00 108.00 NOTE
r-patched-linux-x86_64 0.1.1 7.79 75.55 83.34 NOTE
r-release-linux-x86_64 0.1.1 5.69 76.20 81.89 NOTE
r-release-macos-arm64 0.1.1 29.00 NOTE
r-release-macos-x86_64 0.1.1 42.00 NOTE
r-release-windows-x86_64 0.1.1 15.00 93.00 108.00 NOTE
r-oldrel-macos-arm64 0.1.1 38.00 NOTE
r-oldrel-macos-x86_64 0.1.1 53.00 NOTE
r-oldrel-windows-ix86+x86_64 0.1.1 20.00 86.00 106.00 NOTE

Check Details

Version: 0.1.1
Check: LazyData
Result: NOTE
     'LazyData' is specified without a 'data' directory
Flavors: r-devel-linux-x86_64-debian-clang, r-devel-linux-x86_64-debian-gcc, r-devel-linux-x86_64-fedora-clang, r-devel-linux-x86_64-fedora-gcc, r-devel-windows-x86_64, r-patched-linux-x86_64, r-release-linux-x86_64, r-release-macos-arm64, r-release-macos-x86_64, r-release-windows-x86_64, r-oldrel-macos-arm64, r-oldrel-macos-x86_64, r-oldrel-windows-ix86+x86_64