CRAN Package Check Results for Package BayesARIMAX

Last updated on 2021-12-03 11:51:42 CET.

Flavor Version Tinstall Tcheck Ttotal Status Flags
r-devel-linux-x86_64-debian-clang 0.1.1 6.26 62.11 68.37 NOTE
r-devel-linux-x86_64-debian-gcc 0.1.1 4.38 46.44 50.82 NOTE
r-devel-linux-x86_64-fedora-clang 0.1.1 92.04 NOTE
r-devel-linux-x86_64-fedora-gcc 0.1.1 82.23 NOTE
r-devel-windows-x86_64-new-UL 0.1.1 13.00 96.00 109.00 NOTE
r-devel-windows-x86_64-new-TK 0.1.1 NOTE
r-devel-windows-x86_64-old 0.1.1 11.00 60.00 71.00 NOTE
r-patched-linux-x86_64 0.1.1 5.03 56.19 61.22 NOTE
r-patched-solaris-x86 0.1.1 115.00 NOTE
r-release-linux-x86_64 0.1.1 6.03 56.27 62.30 NOTE
r-release-macos-arm64 0.1.1 NOTE
r-release-macos-x86_64 0.1.1 NOTE
r-release-windows-ix86+x86_64 0.1.1 17.00 84.00 101.00 NOTE
r-oldrel-macos-x86_64 0.1.1 OK
r-oldrel-windows-ix86+x86_64 0.1.1 17.00 80.00 97.00 OK

Check Details

Version: 0.1.1
Check: LazyData
Result: NOTE
     'LazyData' is specified without a 'data' directory
Flavors: r-devel-linux-x86_64-debian-clang, r-devel-linux-x86_64-debian-gcc, r-devel-linux-x86_64-fedora-clang, r-devel-linux-x86_64-fedora-gcc, r-devel-windows-x86_64-new-UL, r-devel-windows-x86_64-new-TK, r-devel-windows-x86_64-old, r-patched-linux-x86_64, r-patched-solaris-x86, r-release-linux-x86_64, r-release-macos-arm64, r-release-macos-x86_64, r-release-windows-ix86+x86_64