CRAN Package Check Results for Package BatchExperiments

Last updated on 2021-10-20 16:50:27 CEST.

Flavor Version Tinstall Tcheck Ttotal Status Flags
r-devel-linux-x86_64-debian-clang 1.4.2 5.95 135.11 141.06 NOTE
r-devel-linux-x86_64-debian-gcc 1.4.2 5.32 111.48 116.80 NOTE
r-devel-linux-x86_64-fedora-clang 1.4.2 177.89 NOTE
r-devel-linux-x86_64-fedora-gcc 1.4.2 166.06 NOTE
r-devel-windows-x86_64 1.4.2 12.00 179.00 191.00 NOTE
r-devel-windows-x86_64-gcc10-UCRT 1.4.2 NOTE
r-patched-linux-x86_64 1.4.2 9.81 128.79 138.60 NOTE
r-patched-solaris-x86 1.4.2 271.60 NOTE
r-release-linux-x86_64 1.4.2 6.10 127.33 133.43 NOTE
r-release-macos-arm64 1.4.2 NOTE
r-release-macos-x86_64 1.4.2 NOTE
r-release-windows-ix86+x86_64 1.4.2 10.00 178.00 188.00 NOTE
r-oldrel-macos-x86_64 1.4.2 OK
r-oldrel-windows-ix86+x86_64 1.4.2 15.00 179.00 194.00 OK

Check Details

Version: 1.4.2
Check: LazyData
Result: NOTE
     'LazyData' is specified without a 'data' directory
Flavors: r-devel-linux-x86_64-debian-clang, r-devel-linux-x86_64-debian-gcc, r-devel-linux-x86_64-fedora-clang, r-devel-linux-x86_64-fedora-gcc, r-devel-windows-x86_64, r-devel-windows-x86_64-gcc10-UCRT, r-patched-linux-x86_64, r-patched-solaris-x86, r-release-linux-x86_64, r-release-macos-arm64, r-release-macos-x86_64, r-release-windows-ix86+x86_64