CRAN Package Check Results for Package BarcodingR

Last updated on 2021-09-20 16:50:17 CEST.

Flavor Version Tinstall Tcheck Ttotal Status Flags
r-devel-linux-x86_64-debian-clang 1.0-3 7.00 62.32 69.32 OK
r-devel-linux-x86_64-debian-gcc 1.0-3 5.96 47.37 53.33 OK
r-devel-linux-x86_64-fedora-clang 1.0-3 92.96 OK
r-devel-linux-x86_64-fedora-gcc 1.0-3 81.62 OK
r-devel-windows-x86_64 1.0-3 8.00 63.00 71.00 OK
r-devel-windows-x86_64-gcc10-UCRT 1.0-3 ERROR
r-patched-linux-x86_64 1.0-3 7.62 61.36 68.98 OK
r-patched-solaris-x86 1.0-3 115.90 OK
r-release-linux-x86_64 1.0-3 6.71 60.91 67.62 OK
r-release-macos-arm64 1.0-3 OK
r-release-macos-x86_64 1.0-3 OK
r-release-windows-ix86+x86_64 1.0-3 15.00 84.00 99.00 OK
r-oldrel-macos-x86_64 1.0-3 OK
r-oldrel-windows-ix86+x86_64 1.0-3 14.00 63.00 77.00 OK

Check Details

Version: 1.0-3
Check: whether package can be installed
Result: WARN
    Found the following significant warnings:
     WARNING: installation-time patches will not be applied, could not get the patches index
Flavor: r-devel-windows-x86_64-gcc10-UCRT

Version: 1.0-3
Check: PDF version of manual
Result: WARN
    LaTeX errors when creating PDF version.
    This typically indicates Rd problems.
Flavor: r-devel-windows-x86_64-gcc10-UCRT

Version: 1.0-3
Check: PDF version of manual without hyperrefs or index
Result: ERROR
    Re-running with no redirection of stdout/stderr.
Flavor: r-devel-windows-x86_64-gcc10-UCRT