CRAN Package Check Results for Package BarBorGradient

Last updated on 2021-12-07 23:54:21 CET.

Flavor Version Tinstall Tcheck Ttotal Status Flags
r-devel-linux-x86_64-debian-clang 1.0.5 2.00 20.91 22.91 NOTE
r-devel-linux-x86_64-debian-gcc 1.0.5 1.63 23.66 25.29 NOTE
r-devel-linux-x86_64-fedora-clang 1.0.5 42.39 NOTE
r-devel-linux-x86_64-fedora-gcc 1.0.5 31.48 NOTE
r-devel-windows-x86_64-new-UL 1.0.5 8.00 53.00 61.00 NOTE
r-devel-windows-x86_64-new-TK 1.0.5 NOTE
r-devel-windows-x86_64-old 1.0.5 4.00 42.00 46.00 NOTE
r-patched-linux-x86_64 1.0.5 1.94 28.59 30.53 NOTE
r-release-linux-x86_64 1.0.5 2.01 28.23 30.24 NOTE
r-release-macos-arm64 1.0.5 NOTE
r-release-macos-x86_64 1.0.5 NOTE
r-release-windows-ix86+x86_64 1.0.5 5.00 39.00 44.00 NOTE
r-oldrel-macos-x86_64 1.0.5 OK
r-oldrel-windows-ix86+x86_64 1.0.5 4.00 37.00 41.00 OK

Check Details

Version: 1.0.5
Check: LazyData
Result: NOTE
     'LazyData' is specified without a 'data' directory
Flavors: r-devel-linux-x86_64-debian-clang, r-devel-linux-x86_64-debian-gcc, r-devel-linux-x86_64-fedora-clang, r-devel-linux-x86_64-fedora-gcc, r-devel-windows-x86_64-new-UL, r-devel-windows-x86_64-new-TK, r-devel-windows-x86_64-old, r-patched-linux-x86_64, r-release-linux-x86_64, r-release-macos-arm64, r-release-macos-x86_64, r-release-windows-ix86+x86_64