CRAN Package Check Results for Package BTSPAS

Last updated on 2021-09-20 04:58:00 CEST.

Flavor Version Tinstall Tcheck Ttotal Status Flags
r-devel-linux-x86_64-debian-clang 2021.1.1 13.44 97.10 110.54 OK
r-devel-linux-x86_64-debian-gcc 2021.1.1 9.23 70.52 79.75 OK
r-devel-linux-x86_64-fedora-clang 2021.1.1 133.07 NOTE
r-devel-linux-x86_64-fedora-gcc 2021.1.1 120.33 OK
r-devel-windows-x86_64 2021.1.1 13.00 82.00 95.00 NOTE
r-devel-windows-x86_64-gcc10-UCRT 2021.1.1 ERROR
r-patched-linux-x86_64 2021.1.1 10.61 92.75 103.36 OK
r-patched-solaris-x86 2021.1.1 172.40 NOTE
r-release-linux-x86_64 2021.1.1 7.07 92.99 100.06 OK
r-release-macos-arm64 2021.1.1 NOTE
r-release-macos-x86_64 2021.1.1 NOTE
r-release-windows-ix86+x86_64 2021.1.1 24.00 119.00 143.00 NOTE
r-oldrel-macos-x86_64 2021.1.1 NOTE
r-oldrel-windows-ix86+x86_64 2021.1.1 23.00 91.00 114.00 NOTE

Check Details

Version: 2021.1.1
Check: installed package size
Result: NOTE
     installed size is 5.2Mb
     sub-directories of 1Mb or more:
     doc 4.8Mb
Flavors: r-devel-linux-x86_64-fedora-clang, r-devel-windows-x86_64, r-patched-solaris-x86, r-release-macos-arm64, r-release-macos-x86_64, r-release-windows-ix86+x86_64, r-oldrel-macos-x86_64, r-oldrel-windows-ix86+x86_64

Version: 2021.1.1
Check: whether package can be installed
Result: WARN
    Found the following significant warnings:
     WARNING: installation-time patches will not be applied, could not get the patches index
Flavor: r-devel-windows-x86_64-gcc10-UCRT

Version: 2021.1.1
Check: PDF version of manual
Result: WARN
    LaTeX errors when creating PDF version.
    This typically indicates Rd problems.
Flavor: r-devel-windows-x86_64-gcc10-UCRT

Version: 2021.1.1
Check: PDF version of manual without hyperrefs or index
Result: ERROR
    Re-running with no redirection of stdout/stderr.
Flavor: r-devel-windows-x86_64-gcc10-UCRT