CRAN Package Check Results for Package BNSP

Last updated on 2022-07-03 17:51:59 CEST.

Flavor Version Tinstall Tcheck Ttotal Status Flags
r-devel-linux-x86_64-debian-clang 2.1.6 65.78 147.41 213.19 OK
r-devel-linux-x86_64-debian-gcc 2.1.6 58.95 108.20 167.15 OK
r-devel-linux-x86_64-fedora-clang 2.1.6 280.74 OK
r-devel-linux-x86_64-fedora-gcc 2.1.6 283.86 OK
r-devel-windows-x86_64 2.1.6 64.00 160.00 224.00 OK
r-patched-linux-x86_64 2.1.6 68.69 152.51 221.20 OK
r-release-linux-x86_64 2.1.6 68.85 155.84 224.69 OK
r-release-macos-arm64 2.1.6 106.00 OK
r-release-macos-x86_64 2.1.6 207.00 NOTE
r-release-windows-x86_64 2.1.6 64.00 160.00 224.00 OK
r-oldrel-macos-arm64 2.1.6 156.00 OK
r-oldrel-macos-x86_64 2.1.6 140.00 OK
r-oldrel-windows-ix86+x86_64 2.1.6 154.00 195.00 349.00 OK

Check Details

Version: 2.1.6
Check: installed package size
Result: NOTE
     installed size is 5.0Mb
     sub-directories of 1Mb or more:
     libs 4.7Mb
Flavor: r-release-macos-x86_64