CRAN Package Check Results for Package BLModel

Last updated on 2022-08-12 21:52:57 CEST.

Flavor Version Tinstall Tcheck Ttotal Status Flags
r-devel-linux-x86_64-debian-clang 1.0.2 2.27 26.50 28.77 NOTE
r-devel-linux-x86_64-debian-gcc 1.0.2 1.58 20.40 21.98 NOTE
r-devel-linux-x86_64-fedora-clang 1.0.2 45.84 NOTE
r-devel-linux-x86_64-fedora-gcc 1.0.2 44.51 NOTE
r-devel-windows-x86_64 1.0.2 13.00 56.00 69.00 NOTE
r-patched-linux-x86_64 1.0.2 2.29 25.06 27.35 NOTE
r-release-linux-x86_64 1.0.2 1.96 24.99 26.95 NOTE
r-release-macos-arm64 1.0.2 18.00 NOTE
r-release-macos-x86_64 1.0.2 23.00 NOTE
r-release-windows-x86_64 1.0.2 15.00 56.00 71.00 NOTE
r-oldrel-macos-arm64 1.0.2 22.00 NOTE
r-oldrel-macos-x86_64 1.0.2 29.00 NOTE
r-oldrel-windows-ix86+x86_64 1.0.2 5.00 45.00 50.00 NOTE

Check Details

Version: 1.0.2
Check: LazyData
Result: NOTE
     'LazyData' is specified without a 'data' directory
Flavors: r-devel-linux-x86_64-debian-clang, r-devel-linux-x86_64-debian-gcc, r-devel-linux-x86_64-fedora-clang, r-devel-linux-x86_64-fedora-gcc, r-devel-windows-x86_64, r-patched-linux-x86_64, r-release-linux-x86_64, r-release-macos-arm64, r-release-macos-x86_64, r-release-windows-x86_64, r-oldrel-macos-arm64, r-oldrel-macos-x86_64, r-oldrel-windows-ix86+x86_64