CRAN Package Check Results for Package BINCOR

Last updated on 2021-06-17 21:52:35 CEST.

Flavor Version Tinstall Tcheck Ttotal Status Flags
r-devel-linux-x86_64-debian-clang 0.2.0 2.71 26.12 28.83 NOTE
r-devel-linux-x86_64-debian-gcc 0.2.0 2.05 20.54 22.59 NOTE
r-devel-linux-x86_64-fedora-clang 0.2.0 43.88 NOTE
r-devel-linux-x86_64-fedora-gcc 0.2.0 33.31 NOTE
r-devel-windows-x86_64 0.2.0 4.00 40.00 44.00 OK
r-devel-windows-x86_64-gcc10-UCRT 0.2.0 OK
r-patched-linux-x86_64 0.2.0 3.09 25.07 28.16 NOTE
r-patched-solaris-x86 0.2.0 51.50 NOTE
r-release-linux-x86_64 0.2.0 2.63 25.43 28.06 NOTE
r-release-macos-arm64 0.2.0 OK
r-release-macos-x86_64 0.2.0 OK
r-release-windows-ix86+x86_64 0.2.0 5.00 32.00 37.00 OK
r-oldrel-macos-x86_64 0.2.0 OK
r-oldrel-windows-ix86+x86_64 0.2.0 5.00 40.00 45.00 OK

Check Details

Version: 0.2.0
Check: for non-standard things in the check directory
Result: NOTE
    Found the following files/directories:
     'ccf_ccf_ID31_ID32_res.jpg' 'ccf_ccf_ID31_ID32_res.pdf'
     'output_ENSO_NHSST.tmp' 'plot_plot_ts_RAW_BIN_enso_sst.pdf'
     'plot_plot_ts_RAW_BIN_enso_sst01.png'
     'plot_plot_ts_RAW_BIN_enso_sst02.png'
     'plot_plot_ts_RAW_BIN_enso_sst03.png'
     'plot_plot_ts_RAW_BIN_enso_sst04.png' 'plot_ts_ACER_ABRUPT.pdf'
     'plot_ts_ACER_ABRUPT01.png' 'plot_ts_ACER_ABRUPT02.png'
     'plot_ts_ACER_ABRUPT03.png' 'plot_ts_ACER_ABRUPT04.png'
     'salida_ACER_ABRUPT.tmp' 'scaterplot_scatterplot_ENSO_SST.jpg'
     'scaterplot_scatterplot_ENSO_SST.pdf'
Flavors: r-devel-linux-x86_64-debian-clang, r-devel-linux-x86_64-debian-gcc, r-devel-linux-x86_64-fedora-clang, r-devel-linux-x86_64-fedora-gcc, r-patched-linux-x86_64, r-patched-solaris-x86, r-release-linux-x86_64