CRAN Package Check Results for Package BCEA

Last updated on 2021-09-21 04:54:54 CEST.

Flavor Version Tinstall Tcheck Ttotal Status Flags
r-devel-linux-x86_64-debian-clang 2.3-1.1 9.92 92.82 102.74 NOTE
r-devel-linux-x86_64-debian-gcc 2.3-1.1 8.50 66.90 75.40 NOTE
r-devel-linux-x86_64-fedora-clang 2.3-1.1 130.20 NOTE
r-devel-linux-x86_64-fedora-gcc 2.3-1.1 118.45 NOTE
r-devel-windows-x86_64 2.3-1.1 12.00 81.00 93.00 OK
r-devel-windows-x86_64-gcc10-UCRT 2.3-1.1 ERROR
r-patched-linux-x86_64 2.3-1.1 10.01 86.03 96.04 NOTE
r-patched-solaris-x86 2.3-1.1 157.30 NOTE
r-release-linux-x86_64 2.3-1.1 8.99 85.83 94.82 NOTE
r-release-macos-arm64 2.3-1.1 NOTE
r-release-macos-x86_64 2.3-1.1 NOTE
r-release-windows-ix86+x86_64 2.3-1.1 16.00 108.00 124.00 OK
r-oldrel-macos-x86_64 2.3-1.1 NOTE
r-oldrel-windows-ix86+x86_64 2.3-1.1 17.00 108.00 125.00 OK

Check Details

Version: 2.3-1.1
Check: package dependencies
Result: NOTE
    Packages suggested but not available for checking: 'INLA', 'ldr'
Flavors: r-devel-linux-x86_64-debian-clang, r-devel-linux-x86_64-debian-gcc, r-devel-windows-x86_64-gcc10-UCRT, r-patched-linux-x86_64, r-patched-solaris-x86, r-release-linux-x86_64

Version: 2.3-1.1
Check: package dependencies
Result: NOTE
    Package suggested but not available for checking: ‘ldr’
Flavors: r-devel-linux-x86_64-fedora-clang, r-devel-linux-x86_64-fedora-gcc

Version: 2.3-1.1
Check: whether package can be installed
Result: WARN
    Found the following significant warnings:
     WARNING: installation-time patches will not be applied, could not get the patches index
Flavor: r-devel-windows-x86_64-gcc10-UCRT

Version: 2.3-1.1
Check: PDF version of manual
Result: WARN
    LaTeX errors when creating PDF version.
    This typically indicates Rd problems.
Flavor: r-devel-windows-x86_64-gcc10-UCRT

Version: 2.3-1.1
Check: PDF version of manual without hyperrefs or index
Result: ERROR
    Re-running with no redirection of stdout/stderr.
Flavor: r-devel-windows-x86_64-gcc10-UCRT

Version: 2.3-1.1
Check: package dependencies
Result: NOTE
    Packages suggested but not available for checking: 'R2jags', 'INLA'
Flavor: r-release-macos-arm64

Version: 2.3-1.1
Check: package dependencies
Result: NOTE
    Package suggested but not available for checking: ‘INLA’
Flavors: r-release-macos-x86_64, r-oldrel-macos-x86_64