Last updated on 2023-03-29 04:51:05 CEST.
Flavor | Version | Tinstall | Tcheck | Ttotal | Status | Flags |
---|---|---|---|---|---|---|
r-devel-linux-x86_64-debian-clang | 2.2.0 | 11.42 | 97.06 | 108.48 | NOTE | |
r-devel-linux-x86_64-debian-gcc | 2.2.0 | 7.31 | 75.22 | 82.53 | NOTE | |
r-devel-linux-x86_64-fedora-clang | 2.2.0 | 150.71 | NOTE | |||
r-devel-linux-x86_64-fedora-gcc | 2.2.0 | 131.16 | NOTE | |||
r-devel-windows-x86_64 | 2.2.0 | 21.00 | 0.00 | 21.00 | NOTE | |
r-patched-linux-x86_64 | 2.2.0 | 11.24 | 95.39 | 106.63 | NOTE | |
r-release-linux-x86_64 | 2.2.0 | 10.34 | 92.69 | 103.03 | OK | |
r-release-macos-arm64 | 2.2.0 | 48.00 | OK | |||
r-release-macos-x86_64 | 2.2.0 | 56.00 | OK | |||
r-release-windows-x86_64 | 2.2.0 | 19.00 | 128.00 | 147.00 | OK | |
r-oldrel-macos-arm64 | 2.2.0 | 43.00 | OK | |||
r-oldrel-macos-x86_64 | 2.2.0 | 55.00 | OK | |||
r-oldrel-windows-ix86+x86_64 | 2.2.0 | 21.00 | 122.00 | 143.00 | OK |
Version: 2.2.0
Check: Rd files
Result: NOTE
checkRd: (-1) tlsce.Rd:51: Escaped LaTeX specials: \_
checkRd: (-1) tlsce.Rd:55: Escaped LaTeX specials: \_
checkRd: (-1) tlsce.Rd:90: Escaped LaTeX specials: \_
checkRd: (-1) tlsce.Rd:93: Escaped LaTeX specials: \_
Flavors: r-devel-linux-x86_64-debian-clang, r-devel-linux-x86_64-debian-gcc, r-devel-linux-x86_64-fedora-clang, r-devel-linux-x86_64-fedora-gcc, r-devel-windows-x86_64, r-patched-linux-x86_64
Version: 2.2.0
Check: Rd \usage sections
Result: NOTE
S3 methods shown with full name in documentation object ‘export.bce’:
‘export.bce’
The \usage entries for S3 methods should use the \method markup and not
their full name.
See chapter ‘Writing R documentation files’ in the ‘Writing R
Extensions’ manual.
Flavors: r-devel-linux-x86_64-debian-clang, r-devel-linux-x86_64-debian-gcc, r-devel-linux-x86_64-fedora-clang, r-devel-linux-x86_64-fedora-gcc, r-devel-windows-x86_64, r-patched-linux-x86_64