CRAN Package Check Results for Package BBmisc

Last updated on 2021-09-18 05:02:25 CEST.

Flavor Version Tinstall Tcheck Ttotal Status Flags
r-devel-linux-x86_64-debian-clang 1.11 5.48 46.81 52.29 NOTE
r-devel-linux-x86_64-debian-gcc 1.11 4.51 36.09 40.60 NOTE
r-devel-linux-x86_64-fedora-clang 1.11 71.88 NOTE
r-devel-linux-x86_64-fedora-gcc 1.11 59.62 NOTE
r-devel-windows-x86_64 1.11 9.00 56.00 65.00 NOTE
r-devel-windows-x86_64-gcc10-UCRT 1.11 NOTE
r-patched-linux-x86_64 1.11 6.75 44.99 51.74 NOTE
r-patched-solaris-x86 1.11 89.70 NOTE
r-release-linux-x86_64 1.11 5.60 44.91 50.51 NOTE
r-release-macos-arm64 1.11 NOTE
r-release-macos-x86_64 1.11 NOTE
r-release-windows-ix86+x86_64 1.11 14.00 90.00 104.00 NOTE
r-oldrel-macos-x86_64 1.11 OK
r-oldrel-windows-ix86+x86_64 1.11 16.00 71.00 87.00 OK

Check Details

Version: 1.11
Check: LazyData
Result: NOTE
     'LazyData' is specified without a 'data' directory
Flavors: r-devel-linux-x86_64-debian-clang, r-devel-linux-x86_64-debian-gcc, r-devel-linux-x86_64-fedora-clang, r-devel-linux-x86_64-fedora-gcc, r-devel-windows-x86_64, r-devel-windows-x86_64-gcc10-UCRT, r-patched-linux-x86_64, r-patched-solaris-x86, r-release-linux-x86_64, r-release-macos-arm64, r-release-macos-x86_64, r-release-windows-ix86+x86_64