CRAN Package Check Results for Package BBcor

Last updated on 2023-03-30 05:49:03 CEST.

Flavor Version Tinstall Tcheck Ttotal Status Flags
r-devel-linux-x86_64-debian-clang 1.0.3 6.34 59.70 66.04 OK
r-devel-linux-x86_64-debian-gcc 1.0.3 4.85 45.02 49.87 OK
r-devel-linux-x86_64-fedora-clang 1.0.3 90.63 NOTE
r-devel-linux-x86_64-fedora-gcc 1.0.3 75.50 NOTE
r-devel-windows-x86_64 1.0.3 13.00 0.00 13.00 OK
r-patched-linux-x86_64 1.0.3 4.90 55.02 59.92 OK
r-release-linux-x86_64 1.0.3 5.78 60.91 66.69 OK
r-release-macos-arm64 1.0.3 35.00 NOTE
r-release-macos-x86_64 1.0.3 69.00 NOTE
r-release-windows-x86_64 1.0.3 15.00 113.00 128.00 OK
r-oldrel-macos-arm64 1.0.3 45.00 NOTE
r-oldrel-macos-x86_64 1.0.3 47.00 NOTE
r-oldrel-windows-ix86+x86_64 1.0.3 16.00 112.00 128.00 OK

Check Details

Version: 1.0.3
Check: dependencies in R code
Result: NOTE
    Namespace in Imports field not imported from: ‘Rdpack’
     All declared Imports should be used.
Flavors: r-devel-linux-x86_64-fedora-clang, r-devel-linux-x86_64-fedora-gcc, r-release-macos-arm64, r-release-macos-x86_64, r-oldrel-macos-arm64, r-oldrel-macos-x86_64