Last updated on 2022-05-23 14:53:21 CEST.
Flavor | Version | Tinstall | Tcheck | Ttotal | Status | Flags |
---|---|---|---|---|---|---|
r-devel-linux-x86_64-debian-clang | 0.2 | 11.69 | 96.49 | 108.18 | OK | |
r-devel-linux-x86_64-debian-gcc | 0.2 | 10.05 | 73.60 | 83.65 | OK | |
r-devel-linux-x86_64-fedora-clang | 0.2 | 129.78 | NOTE | |||
r-devel-linux-x86_64-fedora-gcc | 0.2 | 132.92 | NOTE | |||
r-devel-windows-x86_64 | 0.2 | 37.00 | 115.00 | 152.00 | OK | |
r-patched-linux-x86_64 | 0.2 | 12.57 | 91.64 | 104.21 | OK | |
r-release-linux-x86_64 | 0.2 | OK | ||||
r-release-macos-arm64 | 0.2 | 39.00 | NOTE | |||
r-release-macos-x86_64 | 0.2 | 63.00 | NOTE | |||
r-release-windows-x86_64 | 0.2 | 28.00 | 112.00 | 140.00 | OK | |
r-oldrel-macos-arm64 | 0.2 | 44.00 | NOTE | |||
r-oldrel-macos-x86_64 | 0.2 | 74.00 | NOTE | |||
r-oldrel-windows-ix86+x86_64 | 0.2 | 26.00 | 105.00 | 131.00 | OK |
Version: 0.2
Check: dependencies in R code
Result: NOTE
Namespaces in Imports field not imported from:
‘locfit’ ‘secr’
All declared Imports should be used.
Flavors: r-devel-linux-x86_64-fedora-clang, r-devel-linux-x86_64-fedora-gcc, r-release-macos-arm64, r-release-macos-x86_64, r-oldrel-macos-arm64, r-oldrel-macos-x86_64