CRAN Package Check Results for Package BASiNET

Last updated on 2022-07-07 05:55:56 CEST.

Flavor Version Tinstall Tcheck Ttotal Status Flags
r-devel-linux-x86_64-debian-clang 0.0.4 21.27 224.85 246.12 NOTE
r-devel-linux-x86_64-debian-gcc 0.0.4 17.60 169.23 186.83 NOTE
r-devel-linux-x86_64-fedora-clang 0.0.4 295.68 NOTE
r-devel-linux-x86_64-fedora-gcc 0.0.4 304.28 NOTE
r-devel-windows-x86_64 0.0.4 24.00 217.00 241.00 NOTE
r-patched-linux-x86_64 0.0.4 22.45 223.25 245.70 NOTE
r-release-linux-x86_64 0.0.4 22.55 223.85 246.40 NOTE
r-release-macos-arm64 0.0.4 75.00 NOTE
r-release-macos-x86_64 0.0.4 148.00 NOTE
r-release-windows-x86_64 0.0.4 27.00 219.00 246.00 NOTE
r-oldrel-macos-arm64 0.0.4 106.00 NOTE
r-oldrel-macos-x86_64 0.0.4 149.00 NOTE
r-oldrel-windows-ix86+x86_64 0.0.4 45.00 219.00 264.00 NOTE

Check Details

Version: 0.0.4
Check: LazyData
Result: NOTE
     'LazyData' is specified without a 'data' directory
Flavors: r-devel-linux-x86_64-debian-clang, r-devel-linux-x86_64-debian-gcc, r-devel-linux-x86_64-fedora-clang, r-devel-linux-x86_64-fedora-gcc, r-devel-windows-x86_64, r-patched-linux-x86_64, r-release-linux-x86_64, r-release-macos-arm64, r-release-macos-x86_64, r-release-windows-x86_64, r-oldrel-macos-arm64, r-oldrel-macos-x86_64, r-oldrel-windows-ix86+x86_64