CRAN Package Check Results for Package BALCONY

Last updated on 2022-07-07 05:55:56 CEST.

Flavor Version Tinstall Tcheck Ttotal Status Flags
r-devel-linux-x86_64-debian-clang 0.2.10 22.28 218.61 240.89 NOTE
r-devel-linux-x86_64-debian-gcc 0.2.10 16.75 159.31 176.06 NOTE
r-devel-linux-x86_64-fedora-clang 0.2.10 287.47 NOTE
r-devel-linux-x86_64-fedora-gcc 0.2.10 285.92 NOTE
r-devel-windows-x86_64 0.2.10 42.00 236.00 278.00 OK
r-patched-linux-x86_64 0.2.10 22.54 210.98 233.52 NOTE
r-release-linux-x86_64 0.2.10 20.73 203.53 224.26 NOTE
r-release-macos-arm64 0.2.10 71.00 NOTE
r-release-macos-x86_64 0.2.10 99.00 NOTE
r-release-windows-x86_64 0.2.10 45.00 241.00 286.00 OK
r-oldrel-macos-arm64 0.2.10 90.00 NOTE
r-oldrel-macos-x86_64 0.2.10 139.00 NOTE
r-oldrel-windows-ix86+x86_64 0.2.10 47.00 238.00 285.00 OK

Check Details

Version: 0.2.10
Check: for non-standard things in the check directory
Result: NOTE
    Found the following files/directories:
     'exemplary_input1.txt' 'exemplary_input2.txt'
Flavors: r-devel-linux-x86_64-debian-clang, r-devel-linux-x86_64-debian-gcc, r-devel-linux-x86_64-fedora-clang, r-devel-linux-x86_64-fedora-gcc, r-patched-linux-x86_64, r-release-linux-x86_64

Version: 0.2.10
Check: dependencies in R code
Result: NOTE
    Namespace in Imports field not imported from: ‘base’
     All declared Imports should be used.
Flavors: r-devel-linux-x86_64-fedora-clang, r-devel-linux-x86_64-fedora-gcc, r-release-macos-arm64, r-release-macos-x86_64, r-oldrel-macos-arm64, r-oldrel-macos-x86_64