CRAN Package Check Results for Package AzureContainers

Last updated on 2025-01-16 07:50:11 CET.

Flavor Version Tinstall Tcheck Ttotal Status Flags
r-devel-linux-x86_64-debian-clang 1.3.2 5.51 33.75 39.26 NOTE
r-devel-linux-x86_64-debian-gcc 1.3.2 4.95 26.24 31.19 NOTE
r-devel-linux-x86_64-fedora-clang 1.3.2 67.38 NOTE
r-devel-linux-x86_64-fedora-gcc 1.3.2 81.64 NOTE
r-devel-windows-x86_64 1.3.2 8.00 60.00 68.00 NOTE
r-patched-linux-x86_64 1.3.2 10.79 32.39 43.18 OK
r-release-linux-x86_64 1.3.2 6.20 32.23 38.43 OK
r-release-macos-arm64 1.3.2 33.00 OK
r-release-macos-x86_64 1.3.2 45.00 OK
r-release-windows-x86_64 1.3.2 8.00 79.00 87.00 OK
r-oldrel-macos-arm64 1.3.2 31.00 OK
r-oldrel-macos-x86_64 1.3.2 44.00 OK
r-oldrel-windows-x86_64 1.3.2 9.00 69.00 78.00 OK

Check Details

Version: 1.3.2
Check: Rd cross-references
Result: NOTE Found the following Rd file(s) with Rd \link{} targets missing package anchors: aci.Rd: az_resource_group acr.Rd: az_resource_group aks.Rd: az_resource_group create_aci.Rd: az_resource create_acr.Rd: az_resource Please provide package anchors for all Rd \link{} targets not in the package itself and the base packages. Flavors: r-devel-linux-x86_64-debian-clang, r-devel-linux-x86_64-debian-gcc, r-devel-windows-x86_64

Version: 1.3.2
Check: dependencies in R code
Result: NOTE Namespace in Imports field not imported from: ‘openssl’ All declared Imports should be used. Flavors: r-devel-linux-x86_64-fedora-clang, r-devel-linux-x86_64-fedora-gcc