CRAN Package Check Results for Package AugmenterR

Last updated on 2021-12-03 11:51:41 CET.

Flavor Version Tinstall Tcheck Ttotal Status Flags
r-devel-linux-x86_64-debian-clang 0.1.0 1.78 25.85 27.63 NOTE
r-devel-linux-x86_64-debian-gcc 0.1.0 1.33 19.89 21.22 NOTE
r-devel-linux-x86_64-fedora-clang 0.1.0 44.84 NOTE
r-devel-linux-x86_64-fedora-gcc 0.1.0 34.85 NOTE
r-devel-windows-x86_64-new-UL 0.1.0 6.00 61.00 67.00 NOTE
r-devel-windows-x86_64-new-TK 0.1.0 NOTE
r-devel-windows-x86_64-old 0.1.0 5.00 35.00 40.00 NOTE
r-patched-linux-x86_64 0.1.0 2.04 23.91 25.95 NOTE
r-patched-solaris-x86 0.1.0 50.70 NOTE
r-release-linux-x86_64 0.1.0 1.90 23.82 25.72 NOTE
r-release-macos-arm64 0.1.0 NOTE
r-release-macos-x86_64 0.1.0 NOTE
r-release-windows-ix86+x86_64 0.1.0 5.00 45.00 50.00 NOTE
r-oldrel-macos-x86_64 0.1.0 OK
r-oldrel-windows-ix86+x86_64 0.1.0 7.00 43.00 50.00 OK

Check Details

Version: 0.1.0
Check: LazyData
Result: NOTE
     'LazyData' is specified without a 'data' directory
Flavors: r-devel-linux-x86_64-debian-clang, r-devel-linux-x86_64-debian-gcc, r-devel-linux-x86_64-fedora-clang, r-devel-linux-x86_64-fedora-gcc, r-devel-windows-x86_64-new-UL, r-devel-windows-x86_64-new-TK, r-devel-windows-x86_64-old, r-patched-linux-x86_64, r-patched-solaris-x86, r-release-linux-x86_64, r-release-macos-arm64, r-release-macos-x86_64, r-release-windows-ix86+x86_64